Last updated on 2023-02-06 06:52:06 CET.
Flavor | Version | Tinstall | Tcheck | Ttotal | Status | Flags |
---|---|---|---|---|---|---|
r-devel-linux-x86_64-debian-clang | 1.7 | 8.77 | 73.05 | 81.82 | OK | |
r-devel-linux-x86_64-debian-gcc | 1.7 | 6.02 | 53.83 | 59.85 | OK | |
r-devel-linux-x86_64-fedora-clang | 1.7 | 98.29 | NOTE | |||
r-devel-linux-x86_64-fedora-gcc | 1.7 | 97.20 | NOTE | |||
r-devel-windows-x86_64 | 1.7 | 18.00 | 98.00 | 116.00 | OK | |
r-patched-linux-x86_64 | 1.7 | 7.64 | 68.91 | 76.55 | OK | |
r-release-linux-x86_64 | 1.7 | 9.09 | 69.29 | 78.38 | OK | |
r-release-macos-arm64 | 1.7 | 26.00 | NOTE | |||
r-release-macos-x86_64 | 1.7 | 43.00 | NOTE | |||
r-release-windows-x86_64 | 1.7 | 15.00 | 106.00 | 121.00 | OK | |
r-oldrel-macos-arm64 | 1.7 | 33.00 | NOTE | |||
r-oldrel-macos-x86_64 | 1.7 | 52.00 | NOTE | |||
r-oldrel-windows-ix86+x86_64 | 1.7 | 17.00 | 95.00 | 112.00 | OK |
Version: 1.7
Check: dependencies in R code
Result: NOTE
Namespace in Imports field not imported from: ‘grDevices’
All declared Imports should be used.
Flavors: r-devel-linux-x86_64-fedora-clang, r-devel-linux-x86_64-fedora-gcc, r-release-macos-arm64, r-release-macos-x86_64, r-oldrel-macos-arm64, r-oldrel-macos-x86_64