CRAN Package Check Results for Package PRISMA2020

Last updated on 2023-02-05 07:57:31 CET.

Flavor Version Tinstall Tcheck Ttotal Status Flags
r-devel-linux-x86_64-debian-clang 0.0.3 3.90 27.37 31.27 OK
r-devel-linux-x86_64-debian-gcc 0.0.3 2.18 21.18 23.36 OK
r-devel-linux-x86_64-fedora-clang 0.0.3 39.37 NOTE
r-devel-linux-x86_64-fedora-gcc 0.0.3 37.62 NOTE
r-devel-windows-x86_64 0.0.3 19.00 62.00 81.00 OK
r-patched-linux-x86_64 0.0.3 3.27 26.68 29.95 OK
r-release-linux-x86_64 0.0.3 2.39 27.98 30.37 OK
r-release-macos-arm64 0.0.3 17.00 NOTE
r-release-macos-x86_64 0.0.3 26.00 NOTE
r-release-windows-x86_64 0.0.3 23.00 64.00 87.00 OK
r-oldrel-macos-arm64 0.0.3 18.00 NOTE
r-oldrel-macos-x86_64 0.0.3 26.00 NOTE
r-oldrel-windows-ix86+x86_64 0.0.3 10.00 54.00 64.00 OK

Check Details

Version: 0.0.3
Check: dependencies in R code
Result: NOTE
    Namespaces in Imports field not imported from:
     ‘DT’ ‘rio’ ‘shiny’ ‘shinyjs’ ‘utils’ ‘webp’
     All declared Imports should be used.
Flavors: r-devel-linux-x86_64-fedora-clang, r-devel-linux-x86_64-fedora-gcc, r-release-macos-arm64, r-release-macos-x86_64, r-oldrel-macos-arm64, r-oldrel-macos-x86_64