CRAN Package Check Results for Package PRISM.forecast

Last updated on 2023-01-27 07:50:40 CET.

Flavor Version Tinstall Tcheck Ttotal Status Flags
r-devel-linux-x86_64-debian-clang 0.2.1 3.04 36.01 39.05 NOTE
r-devel-linux-x86_64-debian-gcc 0.2.1 2.28 27.56 29.84 NOTE
r-devel-linux-x86_64-fedora-clang 0.2.1 47.84 NOTE
r-devel-linux-x86_64-fedora-gcc 0.2.1 51.59 NOTE
r-devel-windows-x86_64 0.2.1 368.00 73.00 441.00 NOTE
r-patched-linux-x86_64 0.2.1 3.01 35.69 38.70 NOTE
r-release-linux-x86_64 0.2.1 3.07 35.54 38.61 NOTE
r-release-macos-arm64 0.2.1 21.00 NOTE
r-release-macos-x86_64 0.2.1 30.00 NOTE
r-release-windows-x86_64 0.2.1 354.00 71.00 425.00 NOTE
r-oldrel-macos-arm64 0.2.1 23.00 NOTE
r-oldrel-macos-x86_64 0.2.1 36.00 NOTE
r-oldrel-windows-ix86+x86_64 0.2.1 8.00 63.00 71.00 NOTE

Check Details

Version: 0.2.1
Check: LazyData
Result: NOTE
     'LazyData' is specified without a 'data' directory
Flavors: r-devel-linux-x86_64-debian-clang, r-devel-linux-x86_64-debian-gcc, r-devel-linux-x86_64-fedora-clang, r-devel-linux-x86_64-fedora-gcc, r-devel-windows-x86_64, r-patched-linux-x86_64, r-release-linux-x86_64, r-release-macos-arm64, r-release-macos-x86_64, r-release-windows-x86_64, r-oldrel-macos-arm64, r-oldrel-macos-x86_64, r-oldrel-windows-ix86+x86_64