CRAN Package Check Results for Package PPforest

Last updated on 2023-06-10 07:00:31 CEST.

Flavor Version Tinstall Tcheck Ttotal Status Flags
r-devel-linux-x86_64-debian-clang 0.1.3 55.42 89.72 145.14 OK
r-devel-linux-x86_64-debian-gcc 0.1.3 41.61 67.04 108.65 OK
r-devel-linux-x86_64-fedora-clang 0.1.3 184.52 OK
r-devel-linux-x86_64-fedora-gcc 0.1.3 197.63 OK
r-devel-windows-x86_64 0.1.3 41.00 108.00 149.00 OK
r-patched-linux-x86_64 0.1.3 41.45 84.87 126.32 OK
r-release-linux-x86_64 0.1.3 33.08 84.36 117.44 OK
r-release-macos-arm64 0.1.3 59.00 NOTE
r-release-macos-x86_64 0.1.3 81.00 NOTE
r-release-windows-x86_64 0.1.3 51.00 128.00 179.00 OK
r-oldrel-macos-arm64 0.1.3 43.00 NOTE
r-oldrel-macos-x86_64 0.1.3 69.00 NOTE
r-oldrel-windows-x86_64 0.1.3 47.00 128.00 175.00 OK

Check Details

Version: 0.1.3
Check: installed package size
Result: NOTE
     installed size is 5.5Mb
     sub-directories of 1Mb or more:
     libs 4.4Mb
Flavors: r-release-macos-arm64, r-release-macos-x86_64, r-oldrel-macos-arm64, r-oldrel-macos-x86_64