Last updated on 2023-02-02 06:55:02 CET.
Flavor | Version | Tinstall | Tcheck | Ttotal | Status | Flags |
---|---|---|---|---|---|---|
r-devel-linux-x86_64-debian-clang | 2.1.7 | 43.20 | 239.28 | 282.48 | NOTE | |
r-devel-linux-x86_64-debian-gcc | 2.1.7 | 39.91 | 169.81 | 209.72 | NOTE | |
r-devel-linux-x86_64-fedora-clang | 2.1.7 | 366.49 | NOTE | |||
r-devel-linux-x86_64-fedora-gcc | 2.1.7 | 383.97 | NOTE | |||
r-devel-windows-x86_64 | 2.1.7 | 63.00 | 296.00 | 359.00 | NOTE | |
r-patched-linux-x86_64 | 2.1.7 | 45.25 | 218.53 | 263.78 | OK | |
r-release-linux-x86_64 | 2.1.7 | 44.30 | 222.16 | 266.46 | OK | |
r-release-macos-arm64 | 2.1.7 | 92.00 | NOTE | |||
r-release-macos-x86_64 | 2.1.7 | 166.00 | NOTE | |||
r-release-windows-x86_64 | 2.1.7 | 57.00 | 294.00 | 351.00 | OK | |
r-oldrel-macos-arm64 | 2.1.7 | 129.00 | NOTE | |||
r-oldrel-macos-x86_64 | 2.1.7 | 164.00 | NOTE | |||
r-oldrel-windows-ix86+x86_64 | 2.1.7 | 99.00 | 334.00 | 433.00 | OK |
Version: 2.1.7
Check: C++ specification
Result: NOTE
Specified C++11: please update to current default of C++17
Flavors: r-devel-linux-x86_64-debian-clang, r-devel-linux-x86_64-debian-gcc, r-devel-linux-x86_64-fedora-clang, r-devel-linux-x86_64-fedora-gcc, r-devel-windows-x86_64
Version: 2.1.7
Check: installed package size
Result: NOTE
installed size is 7.3Mb
sub-directories of 1Mb or more:
libs 6.5Mb
Flavors: r-release-macos-arm64, r-release-macos-x86_64, r-oldrel-macos-arm64, r-oldrel-macos-x86_64