Last updated on 2023-01-30 09:54:20 CET.
Flavor | Version | Tinstall | Tcheck | Ttotal | Status | Flags |
---|---|---|---|---|---|---|
r-devel-linux-x86_64-debian-clang | 1.5 | 8.41 | 58.41 | 66.82 | NOTE | |
r-devel-linux-x86_64-debian-gcc | 1.5 | 9.33 | 41.83 | 51.16 | NOTE | |
r-devel-linux-x86_64-fedora-clang | 1.5 | 85.38 | NOTE | |||
r-devel-linux-x86_64-fedora-gcc | 1.5 | 86.37 | NOTE | |||
r-devel-windows-x86_64 | 1.5 | 28.00 | 79.00 | 107.00 | NOTE | |
r-patched-linux-x86_64 | 1.5 | 11.72 | 55.83 | 67.55 | NOTE | |
r-release-linux-x86_64 | 1.5 | 9.31 | 55.38 | 64.69 | NOTE | |
r-release-macos-arm64 | 1.5 | 21.00 | NOTE | |||
r-release-macos-x86_64 | 1.5 | 41.00 | NOTE | |||
r-release-windows-x86_64 | 1.5 | 29.00 | 81.00 | 110.00 | NOTE | |
r-oldrel-macos-arm64 | 1.5 | 24.00 | NOTE | |||
r-oldrel-macos-x86_64 | 1.5 | 42.00 | NOTE | |||
r-oldrel-windows-ix86+x86_64 | 1.5 | 18.00 | 75.00 | 93.00 | NOTE |
Version: 1.5
Check: LazyData
Result: NOTE
'LazyData' is specified without a 'data' directory
Flavors: r-devel-linux-x86_64-debian-clang, r-devel-linux-x86_64-debian-gcc, r-devel-linux-x86_64-fedora-clang, r-devel-linux-x86_64-fedora-gcc, r-devel-windows-x86_64, r-patched-linux-x86_64, r-release-linux-x86_64, r-release-macos-arm64, r-release-macos-x86_64, r-release-windows-x86_64, r-oldrel-macos-arm64, r-oldrel-macos-x86_64, r-oldrel-windows-ix86+x86_64