Last updated on 2023-02-01 06:56:20 CET.
Flavor | Version | Tinstall | Tcheck | Ttotal | Status | Flags |
---|---|---|---|---|---|---|
r-devel-linux-x86_64-debian-clang | 0.1.9 | 153.20 | 428.30 | 581.50 | NOTE | |
r-devel-linux-x86_64-debian-gcc | 0.1.9 | 149.60 | 298.34 | 447.94 | NOTE | |
r-devel-linux-x86_64-fedora-clang | 0.1.9 | 700.11 | NOTE | |||
r-devel-linux-x86_64-fedora-gcc | 0.1.9 | 753.37 | NOTE | |||
r-devel-windows-x86_64 | 0.1.9 | 133.00 | 460.00 | 593.00 | NOTE | |
r-patched-linux-x86_64 | 0.1.9 | 156.09 | 398.55 | 554.64 | OK | |
r-release-linux-x86_64 | 0.1.9 | 151.35 | 402.03 | 553.38 | OK | |
r-release-macos-arm64 | 0.1.9 | 163.00 | NOTE | |||
r-release-macos-x86_64 | 0.1.9 | 302.00 | NOTE | |||
r-release-windows-x86_64 | 0.1.9 | 124.00 | 487.00 | 611.00 | OK | |
r-oldrel-macos-arm64 | 0.1.9 | 178.00 | NOTE | |||
r-oldrel-macos-x86_64 | 0.1.9 | 285.00 | NOTE | |||
r-oldrel-windows-ix86+x86_64 | 0.1.9 | 341.00 | 688.00 | 1029.00 | NOTE |
Version: 0.1.9
Check: C++ specification
Result: NOTE
Specified C++11: please update to current default of C++17
Flavors: r-devel-linux-x86_64-debian-clang, r-devel-linux-x86_64-debian-gcc, r-devel-linux-x86_64-fedora-clang, r-devel-linux-x86_64-fedora-gcc, r-devel-windows-x86_64
Version: 0.1.9
Check: installed package size
Result: NOTE
installed size is 5.1Mb
sub-directories of 1Mb or more:
libs 3.9Mb
Flavors: r-devel-linux-x86_64-fedora-clang, r-release-macos-arm64, r-release-macos-x86_64, r-oldrel-macos-arm64, r-oldrel-macos-x86_64, r-oldrel-windows-ix86+x86_64