Last updated on 2023-03-31 07:53:34 CEST.
Flavor | Version | Tinstall | Tcheck | Ttotal | Status | Flags |
---|---|---|---|---|---|---|
r-devel-linux-x86_64-debian-clang | 2.68.8 | 19.04 | 117.26 | 136.30 | OK | |
r-devel-linux-x86_64-debian-gcc | 2.68.8 | 14.61 | 88.49 | 103.10 | OK | |
r-devel-linux-x86_64-fedora-clang | 2.68.8 | 172.47 | NOTE | |||
r-devel-linux-x86_64-fedora-gcc | 2.68.8 | 176.93 | OK | |||
r-devel-windows-x86_64 | 2.68.8 | 332.00 | 0.00 | 332.00 | OK | |
r-patched-linux-x86_64 | 2.68.8 | 19.92 | 113.27 | 133.19 | OK | |
r-release-linux-x86_64 | 2.68.8 | 23.35 | 119.45 | 142.80 | OK | |
r-release-macos-arm64 | 2.68.8 | 79.00 | NOTE | |||
r-release-macos-x86_64 | 2.68.8 | 118.00 | NOTE | |||
r-release-windows-x86_64 | 2.68.8 | 283.00 | 190.00 | 473.00 | OK | |
r-oldrel-macos-arm64 | 2.68.8 | 125.00 | NOTE | |||
r-oldrel-macos-x86_64 | 2.68.8 | 119.00 | NOTE | |||
r-oldrel-windows-ix86+x86_64 | 2.68.8 | 36.00 | 145.00 | 181.00 | OK |
Version: 2.68.8
Check: installed package size
Result: NOTE
installed size is 5.2Mb
sub-directories of 1Mb or more:
doc 1.3Mb
examples 1.7Mb
Flavors: r-devel-linux-x86_64-fedora-clang, r-release-macos-arm64, r-release-macos-x86_64, r-oldrel-macos-arm64, r-oldrel-macos-x86_64