Last updated on 2023-01-30 09:54:19 CET.
Flavor | Version | Tinstall | Tcheck | Ttotal | Status | Flags |
---|---|---|---|---|---|---|
r-devel-linux-x86_64-debian-clang | 0.1.2 | 7.99 | 89.58 | 97.57 | OK | |
r-devel-linux-x86_64-debian-gcc | 0.1.2 | 6.93 | 67.82 | 74.75 | OK | |
r-devel-linux-x86_64-fedora-clang | 0.1.2 | 122.58 | OK | |||
r-devel-linux-x86_64-fedora-gcc | 0.1.2 | 138.55 | OK | |||
r-devel-windows-x86_64 | 0.1.2 | 19.00 | 120.00 | 139.00 | OK | |
r-patched-linux-x86_64 | 0.1.2 | 6.58 | 85.26 | 91.84 | OK | |
r-release-linux-x86_64 | 0.1.2 | 6.52 | 88.12 | 94.64 | OK | |
r-release-macos-arm64 | 0.1.2 | 33.00 | OK | |||
r-release-macos-x86_64 | 0.1.2 | 7.00 | ERROR | |||
r-release-windows-x86_64 | 0.1.2 | 19.00 | 130.00 | 149.00 | OK | |
r-oldrel-macos-arm64 | 0.1.2 | 9.00 | ERROR | |||
r-oldrel-macos-x86_64 | 0.1.2 | 10.00 | ERROR | |||
r-oldrel-windows-ix86+x86_64 | 0.1.2 | 22.00 | 118.00 | 140.00 | OK |
Version: 0.1.2
Check: package dependencies
Result: ERROR
Package required but not available: ‘heatmapFlex’
See section ‘The DESCRIPTION file’ in the ‘Writing R Extensions’
manual.
Flavors: r-release-macos-x86_64, r-oldrel-macos-arm64, r-oldrel-macos-x86_64