Last updated on 2023-02-07 07:54:09 CET.
Flavor | Version | Tinstall | Tcheck | Ttotal | Status | Flags |
---|---|---|---|---|---|---|
r-devel-linux-x86_64-debian-clang | 0.1.6 | 2.98 | 44.35 | 47.33 | OK | |
r-devel-linux-x86_64-debian-gcc | 0.1.6 | 3.20 | 32.59 | 35.79 | OK | |
r-devel-linux-x86_64-fedora-clang | 0.1.6 | 59.05 | NOTE | |||
r-devel-linux-x86_64-fedora-gcc | 0.1.6 | 58.38 | NOTE | |||
r-devel-windows-x86_64 | 0.1.6 | 65.00 | 70.00 | 135.00 | OK | |
r-patched-linux-x86_64 | 0.1.6 | 4.19 | 44.24 | 48.43 | OK | |
r-release-linux-x86_64 | 0.1.6 | 3.91 | 44.19 | 48.10 | OK | |
r-release-macos-arm64 | 0.1.6 | 18.00 | NOTE | |||
r-release-macos-x86_64 | 0.1.6 | 26.00 | NOTE | |||
r-release-windows-x86_64 | 0.1.6 | 78.00 | 75.00 | 153.00 | OK | |
r-oldrel-macos-arm64 | 0.1.6 | 19.00 | NOTE | |||
r-oldrel-macos-x86_64 | 0.1.6 | 26.00 | NOTE | |||
r-oldrel-windows-ix86+x86_64 | 0.1.6 | 10.00 | 66.00 | 76.00 | OK |
Version: 0.1.6
Check: dependencies in R code
Result: NOTE
Namespaces in Imports field not imported from:
‘boot’ ‘splines’
All declared Imports should be used.
Flavors: r-devel-linux-x86_64-fedora-clang, r-devel-linux-x86_64-fedora-gcc, r-release-macos-arm64, r-release-macos-x86_64, r-oldrel-macos-arm64, r-oldrel-macos-x86_64