CRAN Package Check Results for Package OpenRepGrid.ic

Last updated on 2023-02-08 06:56:32 CET.

Flavor Version Tinstall Tcheck Ttotal Status Flags
r-devel-linux-x86_64-debian-clang 0.6.1 14.49 128.38 142.87 OK
r-devel-linux-x86_64-debian-gcc 0.6.1 11.95 96.30 108.25 OK
r-devel-linux-x86_64-fedora-clang 0.6.1 181.09 NOTE
r-devel-linux-x86_64-fedora-gcc 0.6.1 168.15 OK
r-devel-windows-x86_64 0.6.1 64.00 161.00 225.00 OK
r-patched-linux-x86_64 0.6.1 15.51 124.40 139.91 OK
r-release-linux-x86_64 0.6.1 11.36 128.88 140.24 OK
r-release-macos-arm64 0.6.1 46.00 OK
r-release-macos-x86_64 0.6.1 67.00 OK
r-release-windows-x86_64 0.6.1 56.00 168.00 224.00 OK
r-oldrel-macos-arm64 0.6.1 53.00 OK
r-oldrel-macos-x86_64 0.6.1 71.00 OK
r-oldrel-windows-ix86+x86_64 0.6.1 36.00 158.00 194.00 OK

Check Details

Version: 0.6.1
Check: package dependencies
Result: NOTE
    Imports includes 23 non-default packages.
    Importing from so many packages makes the package vulnerable to any of
    them becoming unavailable. Move as many as possible to Suggests and
    use conditionally.
Flavor: r-devel-linux-x86_64-fedora-clang