Last updated on 2023-02-04 08:01:22 CET.
Flavor | Version | Tinstall | Tcheck | Ttotal | Status | Flags |
---|---|---|---|---|---|---|
r-devel-linux-x86_64-debian-clang | 2.21.1 | 2027.47 | 453.91 | 2481.38 | NOTE | |
r-devel-linux-x86_64-debian-gcc | 2.21.1 | 1126.95 | 396.54 | 1523.49 | NOTE | |
r-devel-linux-x86_64-fedora-clang | 2.21.1 | 2494.60 | NOTE | |||
r-devel-linux-x86_64-fedora-gcc | 2.21.1 | 2392.11 | NOTE | |||
r-devel-windows-x86_64 | 2.21.1 | 1431.00 | 658.00 | 2089.00 | NOTE | |
r-patched-linux-x86_64 | 2.21.1 | 1216.50 | 459.41 | 1675.91 | NOTE | |
r-release-linux-x86_64 | 2.21.1 | 1185.59 | 456.89 | 1642.48 | NOTE | |
r-release-macos-arm64 | 2.21.1 | 408.00 | NOTE | |||
r-release-macos-x86_64 | 2.21.1 | 710.00 | NOTE | |||
r-release-windows-x86_64 | 2.21.1 | 1584.00 | 605.00 | 2189.00 | NOTE | |
r-oldrel-macos-arm64 | 2.21.1 | 379.00 | NOTE | |||
r-oldrel-macos-x86_64 | 2.21.1 | 702.00 | NOTE | |||
r-oldrel-windows-ix86+x86_64 | 2.21.1 | 2700.00 | 704.00 | 3404.00 | NOTE |
Version: 2.21.1
Check: C++ specification
Result: NOTE
Specified C++14: please update to current default of C++17
Flavors: r-devel-linux-x86_64-debian-clang, r-devel-linux-x86_64-debian-gcc, r-devel-linux-x86_64-fedora-clang, r-devel-linux-x86_64-fedora-gcc, r-devel-windows-x86_64
Version: 2.21.1
Check: for GNU extensions in Makefiles
Result: NOTE
GNU make is a SystemRequirements.
Flavors: r-devel-linux-x86_64-debian-clang, r-devel-linux-x86_64-debian-gcc, r-devel-linux-x86_64-fedora-clang, r-devel-linux-x86_64-fedora-gcc, r-devel-windows-x86_64, r-patched-linux-x86_64, r-release-linux-x86_64, r-release-macos-arm64, r-release-macos-x86_64, r-release-windows-x86_64, r-oldrel-macos-arm64, r-oldrel-macos-x86_64, r-oldrel-windows-ix86+x86_64
Version: 2.21.1
Check: installed package size
Result: NOTE
installed size is 17.5Mb
sub-directories of 1Mb or more:
R 2.6Mb
data 1.5Mb
libs 6.3Mb
models 4.8Mb
Flavors: r-devel-linux-x86_64-fedora-clang, r-devel-windows-x86_64, r-release-macos-arm64, r-release-macos-x86_64, r-release-windows-x86_64, r-oldrel-macos-arm64, r-oldrel-macos-x86_64, r-oldrel-windows-ix86+x86_64