CRAN Package Check Results for Package OlinkAnalyze

Last updated on 2024-03-02 06:52:03 CET.

Flavor Version Tinstall Tcheck Ttotal Status Flags
r-devel-linux-x86_64-debian-clang 3.7.0 23.32 475.72 499.04 NOTE
r-devel-linux-x86_64-debian-gcc 3.7.0 17.67 412.00 429.67 OK
r-devel-linux-x86_64-fedora-clang 3.7.0 690.67 OK
r-devel-linux-x86_64-fedora-gcc 3.7.0 689.29 OK
r-devel-windows-x86_64 3.7.0 21.00 416.00 437.00 OK
r-patched-linux-x86_64 3.7.0 19.74 525.80 545.54 OK
r-release-linux-x86_64 3.7.0 21.52 527.40 548.92 OK
r-release-macos-arm64 3.7.0 152.00 OK
r-release-macos-x86_64 3.7.0 243.00 OK
r-release-windows-x86_64 3.7.0 27.00 534.00 561.00 OK
r-oldrel-macos-arm64 3.7.0 161.00 OK
r-oldrel-windows-x86_64 3.7.0 28.00 568.00 596.00 OK

Check Details

Version: 3.7.0
Check: package dependencies
Result: NOTE Package suggested but not available for checking: ‘clusterProfiler’ Flavor: r-devel-linux-x86_64-debian-clang