CRAN Package Check Results for Package OddsPlotty

Last updated on 2023-02-01 06:56:20 CET.

Flavor Version Tinstall Tcheck Ttotal Status Flags
r-devel-linux-x86_64-debian-clang 1.0.2 5.38 64.83 70.21 OK
r-devel-linux-x86_64-debian-gcc 1.0.2 4.55 49.14 53.69 OK
r-devel-linux-x86_64-fedora-clang 1.0.2 91.86 NOTE
r-devel-linux-x86_64-fedora-gcc 1.0.2 100.31 NOTE
r-devel-windows-x86_64 1.0.2 12.00 93.00 105.00 OK
r-patched-linux-x86_64 1.0.2 5.41 68.90 74.31 OK
r-release-linux-x86_64 1.0.2 5.49 70.27 75.76 OK
r-release-macos-arm64 1.0.2 32.00 NOTE
r-release-macos-x86_64 1.0.2 53.00 NOTE
r-release-windows-x86_64 1.0.2 11.00 104.00 115.00 OK
r-oldrel-macos-arm64 1.0.2 36.00 NOTE
r-oldrel-macos-x86_64 1.0.2 43.00 NOTE
r-oldrel-windows-ix86+x86_64 1.0.2 16.00 93.00 109.00 OK

Check Details

Version: 1.0.2
Check: dependencies in R code
Result: NOTE
    Namespaces in Imports field not imported from:
     ‘caret’ ‘e1071’ ‘ggthemes’ ‘mlbench’ ‘rmarkdown’ ‘tidymodels’
     All declared Imports should be used.
Flavors: r-devel-linux-x86_64-fedora-clang, r-devel-linux-x86_64-fedora-gcc, r-release-macos-arm64, r-release-macos-x86_64, r-oldrel-macos-arm64, r-oldrel-macos-x86_64