CRAN Package Check Results for Package OOBCurve

Last updated on 2023-03-31 07:53:33 CEST.

Flavor Version Tinstall Tcheck Ttotal Status Flags
r-devel-linux-x86_64-debian-clang 0.3 10.20 108.37 118.57 NOTE
r-devel-linux-x86_64-debian-gcc 0.3 8.51 82.64 91.15 NOTE
r-devel-linux-x86_64-fedora-clang 0.3 145.64 NOTE
r-devel-linux-x86_64-fedora-gcc 0.3 148.82 NOTE
r-devel-windows-x86_64 0.3 17.00 0.00 17.00 NOTE
r-patched-linux-x86_64 0.3 9.61 102.33 111.94 NOTE
r-release-linux-x86_64 0.3 9.81 102.49 112.30 NOTE
r-release-macos-arm64 0.3 40.00 NOTE
r-release-macos-x86_64 0.3 78.00 NOTE
r-release-windows-x86_64 0.3 14.00 142.00 156.00 NOTE
r-oldrel-macos-arm64 0.3 52.00 NOTE
r-oldrel-macos-x86_64 0.3 77.00 NOTE
r-oldrel-windows-ix86+x86_64 0.3 25.00 124.00 149.00 NOTE

Check Details

Version: 0.3
Check: LazyData
Result: NOTE
     'LazyData' is specified without a 'data' directory
Flavors: r-devel-linux-x86_64-debian-clang, r-devel-linux-x86_64-debian-gcc, r-devel-linux-x86_64-fedora-clang, r-devel-linux-x86_64-fedora-gcc, r-devel-windows-x86_64, r-patched-linux-x86_64, r-release-linux-x86_64, r-release-macos-arm64, r-release-macos-x86_64, r-release-windows-x86_64, r-oldrel-macos-arm64, r-oldrel-macos-x86_64, r-oldrel-windows-ix86+x86_64

Version: 0.3
Check: dependencies in R code
Result: NOTE
    Namespaces in Imports field not imported from:
     ‘randomForest’ ‘ranger’
     All declared Imports should be used.
Flavors: r-devel-linux-x86_64-fedora-clang, r-devel-linux-x86_64-fedora-gcc, r-release-macos-arm64, r-release-macos-x86_64, r-oldrel-macos-arm64, r-oldrel-macos-x86_64