CRAN Package Check Results for Package Numero

Last updated on 2022-09-28 06:54:13 CEST.

Flavor Version Tinstall Tcheck Ttotal Status Flags
r-devel-linux-x86_64-debian-clang 1.9.3 413.25 86.80 500.05 OK
r-devel-linux-x86_64-debian-gcc 1.9.3 302.36 67.18 369.54 OK
r-devel-linux-x86_64-fedora-clang 1.9.3 972.93 NOTE
r-devel-linux-x86_64-fedora-gcc 1.9.3 635.89 OK
r-devel-windows-x86_64 1.9.3 388.00 162.00 550.00 NOTE
r-patched-linux-x86_64 1.9.3 323.46 86.94 410.40 OK
r-release-linux-x86_64 1.9.3 321.46 87.35 408.81 OK
r-release-macos-arm64 1.9.3 177.00 NOTE
r-release-macos-x86_64 1.9.3 238.00 NOTE
r-release-windows-x86_64 1.9.3 503.00 159.00 662.00 NOTE
r-oldrel-macos-arm64 1.9.3 169.00 NOTE
r-oldrel-macos-x86_64 1.9.3 252.00 NOTE
r-oldrel-windows-ix86+x86_64 1.9.3 994.00 172.00 1166.00 NOTE

Check Details

Version: 1.9.3
Check: installed package size
Result: NOTE
     installed size is 6.5Mb
     sub-directories of 1Mb or more:
     doc 5.3Mb
Flavors: r-devel-linux-x86_64-fedora-clang, r-devel-windows-x86_64, r-release-macos-arm64, r-release-macos-x86_64, r-release-windows-x86_64, r-oldrel-macos-arm64, r-oldrel-macos-x86_64, r-oldrel-windows-ix86+x86_64