Last updated on 2023-01-27 07:50:39 CET.
Flavor | Version | Tinstall | Tcheck | Ttotal | Status | Flags |
---|---|---|---|---|---|---|
r-devel-linux-x86_64-debian-clang | 1.4.5 | 147.41 | 56.75 | 204.16 | OK | |
r-devel-linux-x86_64-debian-gcc | 1.4.5 | 110.06 | 43.65 | 153.71 | NOTE | |
r-devel-linux-x86_64-fedora-clang | 1.4.5 | 314.84 | OK | |||
r-devel-linux-x86_64-fedora-gcc | 1.4.5 | 254.98 | NOTE | |||
r-devel-windows-x86_64 | 1.4.5 | 135.00 | 106.00 | 241.00 | OK | |
r-patched-linux-x86_64 | 1.4.5 | 116.41 | 56.23 | 172.64 | OK | |
r-release-linux-x86_64 | 1.4.5 | 118.64 | 55.38 | 174.02 | OK | |
r-release-macos-arm64 | 1.4.5 | 67.00 | NOTE | |||
r-release-macos-x86_64 | 1.4.5 | 83.00 | NOTE | |||
r-release-windows-x86_64 | 1.4.5 | 116.00 | 106.00 | 222.00 | OK | |
r-oldrel-macos-arm64 | 1.4.5 | 75.00 | NOTE | |||
r-oldrel-macos-x86_64 | 1.4.5 | 119.00 | NOTE | |||
r-oldrel-windows-ix86+x86_64 | 1.4.5 | 323.00 | 114.00 | 437.00 | OK |
Version: 1.4.5
Check: C++ specification
Result: NOTE
Specified C++11: please update to current default of C++17
Flavors: r-devel-linux-x86_64-debian-gcc, r-devel-linux-x86_64-fedora-gcc
Version: 1.4.5
Check: installed package size
Result: NOTE
installed size is 8.3Mb
sub-directories of 1Mb or more:
libs 8.1Mb
Flavors: r-release-macos-arm64, r-release-macos-x86_64, r-oldrel-macos-arm64, r-oldrel-macos-x86_64