CRAN Package Check Results for Package NlcOptim

Last updated on 2023-01-29 07:56:10 CET.

Flavor Version Tinstall Tcheck Ttotal Status Flags
r-devel-linux-x86_64-debian-clang 0.6 4.52 28.32 32.84 NOTE
r-devel-linux-x86_64-debian-gcc 0.6 3.33 22.21 25.54 NOTE
r-devel-linux-x86_64-fedora-clang 0.6 43.85 NOTE
r-devel-linux-x86_64-fedora-gcc 0.6 42.30 NOTE
r-devel-windows-x86_64 0.6 15.00 60.00 75.00 NOTE
r-patched-linux-x86_64 0.6 4.40 28.34 32.74 NOTE
r-release-linux-x86_64 0.6 4.28 28.21 32.49 NOTE
r-release-macos-arm64 0.6 16.00 NOTE
r-release-macos-x86_64 0.6 23.00 NOTE
r-release-windows-x86_64 0.6 11.00 52.00 63.00 NOTE
r-oldrel-macos-arm64 0.6 22.00 NOTE
r-oldrel-macos-x86_64 0.6 30.00 NOTE
r-oldrel-windows-ix86+x86_64 0.6 7.00 52.00 59.00 NOTE

Check Details

Version: 0.6
Check: LazyData
Result: NOTE
     'LazyData' is specified without a 'data' directory
Flavors: r-devel-linux-x86_64-debian-clang, r-devel-linux-x86_64-debian-gcc, r-devel-linux-x86_64-fedora-clang, r-devel-linux-x86_64-fedora-gcc, r-devel-windows-x86_64, r-patched-linux-x86_64, r-release-linux-x86_64, r-release-macos-arm64, r-release-macos-x86_64, r-release-windows-x86_64, r-oldrel-macos-arm64, r-oldrel-macos-x86_64, r-oldrel-windows-ix86+x86_64