Last updated on 2023-02-02 06:54:59 CET.
Flavor | Version | Tinstall | Tcheck | Ttotal | Status | Flags |
---|---|---|---|---|---|---|
r-devel-linux-x86_64-debian-clang | 0.2 | 7.35 | 58.73 | 66.08 | NOTE | |
r-devel-linux-x86_64-debian-gcc | 0.2 | 4.69 | 43.96 | 48.65 | NOTE | |
r-devel-linux-x86_64-fedora-clang | 0.2 | 81.16 | NOTE | |||
r-devel-linux-x86_64-fedora-gcc | 0.2 | 82.12 | NOTE | |||
r-devel-windows-x86_64 | 0.2 | 13.00 | 89.00 | 102.00 | NOTE | |
r-patched-linux-x86_64 | 0.2 | 6.51 | 57.53 | 64.04 | NOTE | |
r-release-linux-x86_64 | 0.2 | 4.77 | 58.29 | 63.06 | NOTE | |
r-release-macos-arm64 | 0.2 | 22.00 | NOTE | |||
r-release-macos-x86_64 | 0.2 | 35.00 | NOTE | |||
r-release-windows-x86_64 | 0.2 | 16.00 | 96.00 | 112.00 | NOTE | |
r-oldrel-macos-arm64 | 0.2 | 34.00 | NOTE | |||
r-oldrel-macos-x86_64 | 0.2 | 42.00 | NOTE | |||
r-oldrel-windows-ix86+x86_64 | 0.2 | 16.00 | 79.00 | 95.00 | OK |
Version: 0.2
Check: package dependencies
Result: NOTE
Package which this enhances but not available for checking: ‘jpndistrict’
Flavors: r-devel-linux-x86_64-debian-clang, r-devel-linux-x86_64-debian-gcc, r-devel-linux-x86_64-fedora-clang, r-devel-linux-x86_64-fedora-gcc, r-devel-windows-x86_64, r-patched-linux-x86_64, r-release-linux-x86_64, r-release-macos-arm64, r-release-macos-x86_64, r-release-windows-x86_64, r-oldrel-macos-arm64, r-oldrel-macos-x86_64
Version: 0.2
Check: Rd cross-references
Result: NOTE
Undeclared packages ‘cshapes’, ‘mapdata’ in Rd xrefs
Flavor: r-devel-linux-x86_64-fedora-clang