Last updated on 2023-02-01 06:56:19 CET.
Flavor | Version | Tinstall | Tcheck | Ttotal | Status | Flags |
---|---|---|---|---|---|---|
r-devel-linux-x86_64-debian-clang | 1.2.6 | 160.74 | 152.17 | 312.91 | NOTE | |
r-devel-linux-x86_64-debian-gcc | 1.2.6 | 135.12 | 113.15 | 248.27 | NOTE | |
r-devel-linux-x86_64-fedora-clang | 1.2.6 | 445.77 | NOTE | |||
r-devel-linux-x86_64-fedora-gcc | 1.2.6 | 412.70 | NOTE | |||
r-devel-windows-x86_64 | 1.2.6 | 178.00 | 208.00 | 386.00 | NOTE | |
r-patched-linux-x86_64 | 1.2.6 | 141.89 | 156.54 | 298.43 | OK | |
r-release-linux-x86_64 | 1.2.6 | 145.14 | 158.89 | 304.03 | OK | |
r-release-macos-arm64 | 1.2.6 | 111.00 | NOTE | |||
r-release-macos-x86_64 | 1.2.6 | 133.00 | NOTE | |||
r-release-windows-x86_64 | 1.2.6 | 145.00 | 208.00 | 353.00 | OK | |
r-oldrel-macos-arm64 | 1.2.6 | 102.00 | NOTE | |||
r-oldrel-macos-x86_64 | 1.2.6 | 136.00 | NOTE | |||
r-oldrel-windows-ix86+x86_64 | 1.2.6 | 404.00 | 243.00 | 647.00 | OK |
Version: 1.2.6
Check: C++ specification
Result: NOTE
Specified C++11: please update to current default of C++17
Flavors: r-devel-linux-x86_64-debian-clang, r-devel-linux-x86_64-debian-gcc, r-devel-linux-x86_64-fedora-clang, r-devel-linux-x86_64-fedora-gcc, r-devel-windows-x86_64
Version: 1.2.6
Check: installed package size
Result: NOTE
installed size is 8.1Mb
sub-directories of 1Mb or more:
doc 1.4Mb
libs 5.7Mb
Flavors: r-release-macos-arm64, r-release-macos-x86_64, r-oldrel-macos-arm64, r-oldrel-macos-x86_64