CRAN Package Check Results for Package NatureSounds

Last updated on 2024-02-21 07:52:35 CET.

Flavor Version Tinstall Tcheck Ttotal Status Flags
r-devel-linux-x86_64-debian-clang 1.0.4 OK
r-devel-linux-x86_64-debian-gcc 1.0.4 3.08 23.19 26.27 OK
r-devel-linux-x86_64-fedora-clang 1.0.4 42.25 NOTE
r-devel-linux-x86_64-fedora-gcc 1.0.4 52.23 NOTE
r-devel-windows-x86_64 1.0.4 5.00 47.00 52.00 NOTE
r-patched-linux-x86_64 1.0.4 3.67 26.13 29.80 OK
r-release-linux-x86_64 1.0.4 5.18 26.30 31.48 OK
r-release-macos-arm64 1.0.4 27.00 NOTE
r-release-macos-x86_64 1.0.4 32.00 NOTE
r-release-windows-x86_64 1.0.4 7.00 45.00 52.00 NOTE
r-oldrel-macos-arm64 1.0.4 19.00 NOTE
r-oldrel-windows-x86_64 1.0.4 7.00 49.00 56.00 NOTE

Check Details

Version: 1.0.4
Check: installed package size
Result: NOTE installed size is 5.6Mb sub-directories of 1Mb or more: data 3.8Mb doc 1.7Mb Flavors: r-devel-linux-x86_64-fedora-clang, r-devel-windows-x86_64, r-release-macos-arm64, r-release-macos-x86_64, r-release-windows-x86_64, r-oldrel-macos-arm64, r-oldrel-windows-x86_64

Version: 1.0.4
Check: dependencies in R code
Result: NOTE Namespace in Imports field not imported from: ‘tuneR’ All declared Imports should be used. Flavors: r-devel-linux-x86_64-fedora-clang, r-devel-linux-x86_64-fedora-gcc, r-oldrel-macos-arm64