Last updated on 2023-03-28 07:53:08 CEST.
Flavor | Version | Tinstall | Tcheck | Ttotal | Status | Flags |
---|---|---|---|---|---|---|
r-devel-linux-x86_64-debian-clang | 1.0.4 | 5.00 | 25.67 | 30.67 | OK | |
r-devel-linux-x86_64-debian-gcc | 1.0.4 | 4.08 | 20.76 | 24.84 | OK | |
r-devel-linux-x86_64-fedora-clang | 1.0.4 | 39.75 | NOTE | |||
r-devel-linux-x86_64-fedora-gcc | 1.0.4 | 51.08 | NOTE | |||
r-devel-windows-x86_64 | 1.0.4 | 24.00 | 64.00 | 88.00 | NOTE | |
r-patched-linux-x86_64 | 1.0.4 | 4.31 | 25.69 | 30.00 | OK | |
r-release-linux-x86_64 | 1.0.4 | 4.88 | 27.28 | 32.16 | OK | |
r-release-macos-arm64 | 1.0.4 | 19.00 | NOTE | |||
r-release-macos-x86_64 | 1.0.4 | 28.00 | NOTE | |||
r-release-windows-x86_64 | 1.0.4 | 35.00 | 65.00 | 100.00 | NOTE | |
r-oldrel-macos-arm64 | 1.0.4 | 24.00 | NOTE | |||
r-oldrel-macos-x86_64 | 1.0.4 | 33.00 | NOTE | |||
r-oldrel-windows-ix86+x86_64 | 1.0.4 | 10.00 | 54.00 | 64.00 | NOTE |
Version: 1.0.4
Check: installed package size
Result: NOTE
installed size is 5.8Mb
sub-directories of 1Mb or more:
data 4.0Mb
doc 1.7Mb
Flavors: r-devel-linux-x86_64-fedora-clang, r-devel-windows-x86_64, r-release-macos-arm64, r-release-macos-x86_64, r-release-windows-x86_64, r-oldrel-macos-arm64, r-oldrel-macos-x86_64, r-oldrel-windows-ix86+x86_64
Version: 1.0.4
Check: dependencies in R code
Result: NOTE
Namespace in Imports field not imported from: ‘tuneR’
All declared Imports should be used.
Flavors: r-devel-linux-x86_64-fedora-clang, r-devel-linux-x86_64-fedora-gcc, r-release-macos-arm64, r-release-macos-x86_64, r-oldrel-macos-arm64, r-oldrel-macos-x86_64