CRAN Package Check Results for Package NRejections

Last updated on 2023-02-04 08:01:22 CET.

Flavor Version Tinstall Tcheck Ttotal Status Flags
r-devel-linux-x86_64-debian-clang 1.2.0 2.62 30.66 33.28 NOTE
r-devel-linux-x86_64-debian-gcc 1.2.0 2.32 24.47 26.79 NOTE
r-devel-linux-x86_64-fedora-clang 1.2.0 43.61 NOTE
r-devel-linux-x86_64-fedora-gcc 1.2.0 43.32 NOTE
r-devel-windows-x86_64 1.2.0 13.00 62.00 75.00 NOTE
r-patched-linux-x86_64 1.2.0 2.48 31.17 33.65 NOTE
r-release-linux-x86_64 1.2.0 3.19 30.23 33.42 NOTE
r-release-macos-arm64 1.2.0 19.00 NOTE
r-release-macos-x86_64 1.2.0 26.00 NOTE
r-release-windows-x86_64 1.2.0 19.00 67.00 86.00 NOTE
r-oldrel-macos-arm64 1.2.0 25.00 NOTE
r-oldrel-macos-x86_64 1.2.0 31.00 NOTE
r-oldrel-windows-ix86+x86_64 1.2.0 8.00 59.00 67.00 NOTE

Check Details

Version: 1.2.0
Check: LazyData
Result: NOTE
     'LazyData' is specified without a 'data' directory
Flavors: r-devel-linux-x86_64-debian-clang, r-devel-linux-x86_64-debian-gcc, r-devel-linux-x86_64-fedora-clang, r-devel-linux-x86_64-fedora-gcc, r-devel-windows-x86_64, r-patched-linux-x86_64, r-release-linux-x86_64, r-release-macos-arm64, r-release-macos-x86_64, r-release-windows-x86_64, r-oldrel-macos-arm64, r-oldrel-macos-x86_64, r-oldrel-windows-ix86+x86_64