Last updated on 2023-02-08 06:56:32 CET.
Flavor | Version | Tinstall | Tcheck | Ttotal | Status | Flags |
---|---|---|---|---|---|---|
r-devel-linux-x86_64-debian-clang | 0.9.5 | 64.59 | 444.38 | 508.97 | NOTE | |
r-devel-linux-x86_64-debian-gcc | 0.9.5 | 51.06 | 281.35 | 332.41 | NOTE | |
r-devel-linux-x86_64-fedora-clang | 0.9.5 | 595.17 | NOTE | |||
r-devel-linux-x86_64-fedora-gcc | 0.9.5 | 609.23 | NOTE | |||
r-devel-windows-x86_64 | 0.9.5 | 98.00 | 460.00 | 558.00 | NOTE | |
r-patched-linux-x86_64 | 0.9.5 | 62.57 | 354.82 | 417.39 | NOTE | |
r-release-linux-x86_64 | 0.9.5 | 49.84 | 340.81 | 390.65 | NOTE | |
r-release-macos-arm64 | 0.9.5 | 138.00 | NOTE | |||
r-release-macos-x86_64 | 0.9.5 | 188.00 | NOTE | |||
r-release-windows-x86_64 | 0.9.5 | 95.00 | 451.00 | 546.00 | NOTE | |
r-oldrel-macos-arm64 | 0.9.5 | 143.00 | NOTE | |||
r-oldrel-macos-x86_64 | 0.9.5 | 196.00 | NOTE | |||
r-oldrel-windows-ix86+x86_64 | 0.9.5 | 153.00 | 527.00 | 680.00 | NOTE |
Version: 0.9.5
Check: C++ specification
Result: NOTE
Specified C++11: please update to current default of C++17
Flavors: r-devel-linux-x86_64-debian-clang, r-devel-windows-x86_64
Version: 0.9.5
Check: for GNU extensions in Makefiles
Result: NOTE
GNU make is a SystemRequirements.
Flavors: r-devel-linux-x86_64-debian-clang, r-devel-linux-x86_64-debian-gcc, r-devel-linux-x86_64-fedora-clang, r-devel-linux-x86_64-fedora-gcc, r-devel-windows-x86_64, r-patched-linux-x86_64, r-release-linux-x86_64, r-release-macos-arm64, r-release-macos-x86_64, r-release-windows-x86_64, r-oldrel-macos-arm64, r-oldrel-macos-x86_64, r-oldrel-windows-ix86+x86_64
Version: 0.9.5
Check: C++ specification
Result: NOTE
Specified C++11: please drop specification unless essential
Flavors: r-devel-linux-x86_64-debian-gcc, r-devel-linux-x86_64-fedora-clang, r-devel-linux-x86_64-fedora-gcc