CRAN Package Check Results for Package NNMIS

Last updated on 2023-01-27 07:50:39 CET.

Flavor Version Tinstall Tcheck Ttotal Status Flags
r-devel-linux-x86_64-debian-clang 1.0.1 2.84 31.32 34.16 NOTE
r-devel-linux-x86_64-debian-gcc 1.0.1 2.03 23.99 26.02 NOTE
r-devel-linux-x86_64-fedora-clang 1.0.1 46.09 NOTE
r-devel-linux-x86_64-fedora-gcc 1.0.1 44.97 NOTE
r-devel-windows-x86_64 1.0.1 8.00 57.00 65.00 NOTE
r-patched-linux-x86_64 1.0.1 3.03 31.52 34.55 NOTE
r-release-linux-x86_64 1.0.1 2.86 32.05 34.91 NOTE
r-release-macos-arm64 1.0.1 17.00 NOTE
r-release-macos-x86_64 1.0.1 24.00 NOTE
r-release-windows-x86_64 1.0.1 12.00 58.00 70.00 NOTE
r-oldrel-macos-arm64 1.0.1 24.00 NOTE
r-oldrel-macos-x86_64 1.0.1 31.00 NOTE
r-oldrel-windows-ix86+x86_64 1.0.1 6.00 80.00 86.00 NOTE

Check Details

Version: 1.0.1
Check: LazyData
Result: NOTE
     'LazyData' is specified without a 'data' directory
Flavors: r-devel-linux-x86_64-debian-clang, r-devel-linux-x86_64-debian-gcc, r-devel-linux-x86_64-fedora-clang, r-devel-linux-x86_64-fedora-gcc, r-devel-windows-x86_64, r-patched-linux-x86_64, r-release-linux-x86_64, r-release-macos-arm64, r-release-macos-x86_64, r-release-windows-x86_64, r-oldrel-macos-arm64, r-oldrel-macos-x86_64, r-oldrel-windows-ix86+x86_64