Last updated on 2023-01-30 09:54:18 CET.
Flavor | Version | Tinstall | Tcheck | Ttotal | Status | Flags |
---|---|---|---|---|---|---|
r-devel-linux-x86_64-debian-clang | 0.1.2 | 19.48 | 284.96 | 304.44 | NOTE | |
r-devel-linux-x86_64-debian-gcc | 0.1.2 | 14.53 | 185.20 | 199.73 | NOTE | |
r-devel-linux-x86_64-fedora-clang | 0.1.2 | 375.11 | NOTE | |||
r-devel-linux-x86_64-fedora-gcc | 0.1.2 | 362.42 | NOTE | |||
r-devel-windows-x86_64 | 0.1.2 | 30.00 | 284.00 | 314.00 | NOTE | |
r-patched-linux-x86_64 | 0.1.2 | 14.91 | 253.78 | 268.69 | NOTE | |
r-release-linux-x86_64 | 0.1.2 | 18.98 | 248.50 | 267.48 | NOTE | |
r-release-macos-arm64 | 0.1.2 | 115.00 | NOTE | |||
r-release-macos-x86_64 | 0.1.2 | 131.00 | NOTE | |||
r-release-windows-x86_64 | 0.1.2 | 29.00 | 294.00 | 323.00 | NOTE | |
r-oldrel-macos-arm64 | 0.1.2 | 83.00 | NOTE | |||
r-oldrel-macos-x86_64 | 0.1.2 | 196.00 | NOTE | |||
r-oldrel-windows-ix86+x86_64 | 0.1.2 | 38.00 | 297.00 | 335.00 | NOTE |
Version: 0.1.2
Check: LazyData
Result: NOTE
'LazyData' is specified without a 'data' directory
Flavors: r-devel-linux-x86_64-debian-clang, r-devel-linux-x86_64-debian-gcc, r-devel-linux-x86_64-fedora-clang, r-devel-linux-x86_64-fedora-gcc, r-devel-windows-x86_64, r-patched-linux-x86_64, r-release-linux-x86_64, r-release-macos-arm64, r-release-macos-x86_64, r-release-windows-x86_64, r-oldrel-macos-arm64, r-oldrel-macos-x86_64, r-oldrel-windows-ix86+x86_64