CRAN Package Check Results for Package NHSDataDictionaRy

Last updated on 2023-01-27 07:50:38 CET.

Flavor Version Tinstall Tcheck Ttotal Status Flags
r-devel-linux-x86_64-debian-clang 1.2.5 5.44 59.17 64.61 OK
r-devel-linux-x86_64-debian-gcc 1.2.5 3.90 44.43 48.33 OK
r-devel-linux-x86_64-fedora-clang 1.2.5 83.17 NOTE
r-devel-linux-x86_64-fedora-gcc 1.2.5 93.20 NOTE
r-devel-windows-x86_64 1.2.5 33.00 97.00 130.00 OK
r-patched-linux-x86_64 1.2.5 3.93 57.38 61.31 OK
r-release-linux-x86_64 1.2.5 5.24 58.35 63.59 OK
r-release-macos-arm64 1.2.5 55.00 NOTE
r-release-macos-x86_64 1.2.5 72.00 NOTE
r-release-windows-x86_64 1.2.5 39.00 96.00 135.00 OK
r-oldrel-macos-arm64 1.2.5 47.00 NOTE
r-oldrel-macos-x86_64 1.2.5 51.00 NOTE
r-oldrel-windows-ix86+x86_64 1.2.5 14.00 90.00 104.00 OK

Check Details

Version: 1.2.5
Check: dependencies in R code
Result: NOTE
    Namespace in Imports field not imported from: ‘tibble’
     All declared Imports should be used.
Flavors: r-devel-linux-x86_64-fedora-clang, r-devel-linux-x86_64-fedora-gcc, r-release-macos-arm64, r-release-macos-x86_64, r-oldrel-macos-arm64, r-oldrel-macos-x86_64