CRAN Package Check Results for Package NFLSimulatoR

Last updated on 2023-02-02 06:54:59 CET.

Flavor Version Tinstall Tcheck Ttotal Status Flags
r-devel-linux-x86_64-debian-clang 0.4.0 4.42 58.39 62.81 OK
r-devel-linux-x86_64-debian-gcc 0.4.0 3.04 53.72 56.76 OK
r-devel-linux-x86_64-fedora-clang 0.4.0 75.42 NOTE
r-devel-linux-x86_64-fedora-gcc 0.4.0 90.83 NOTE
r-devel-windows-x86_64 0.4.0 28.00 88.00 116.00 OK
r-patched-linux-x86_64 0.4.0 3.12 63.82 66.94 OK
r-release-linux-x86_64 0.4.0 2.87 57.58 60.45 OK
r-release-macos-arm64 0.4.0 27.00 NOTE
r-release-macos-x86_64 0.4.0 38.00 NOTE
r-release-windows-x86_64 0.4.0 20.00 91.00 111.00 OK
r-oldrel-macos-arm64 0.4.0 27.00 NOTE
r-oldrel-macos-x86_64 0.4.0 46.00 NOTE
r-oldrel-windows-ix86+x86_64 0.4.0 9.00 78.00 87.00 OK

Check Details

Version: 0.4.0
Check: dependencies in R code
Result: NOTE
    Namespace in Imports field not imported from: ‘nflfastR’
     All declared Imports should be used.
Flavors: r-devel-linux-x86_64-fedora-clang, r-devel-linux-x86_64-fedora-gcc, r-release-macos-arm64, r-release-macos-x86_64, r-oldrel-macos-arm64, r-oldrel-macos-x86_64