Last updated on 2023-02-07 07:54:08 CET.
Flavor | Version | Tinstall | Tcheck | Ttotal | Status | Flags |
---|---|---|---|---|---|---|
r-devel-linux-x86_64-debian-clang | 0.1.0 | 33.75 | 79.11 | 112.86 | OK | |
r-devel-linux-x86_64-debian-gcc | 0.1.0 | 27.74 | 58.80 | 86.54 | OK | |
r-devel-linux-x86_64-fedora-clang | 0.1.0 | 143.67 | NOTE | |||
r-devel-linux-x86_64-fedora-gcc | 0.1.0 | 153.61 | NOTE | |||
r-devel-windows-x86_64 | 0.1.0 | 50.00 | 131.00 | 181.00 | OK | |
r-patched-linux-x86_64 | 0.1.0 | 27.00 | 76.53 | 103.53 | OK | |
r-release-linux-x86_64 | 0.1.0 | 32.09 | 75.35 | 107.44 | OK | |
r-release-macos-arm64 | 0.1.0 | 39.00 | NOTE | |||
r-release-macos-x86_64 | 0.1.0 | 70.00 | NOTE | |||
r-release-windows-x86_64 | 0.1.0 | 45.00 | 140.00 | 185.00 | OK | |
r-oldrel-macos-arm64 | 0.1.0 | 48.00 | NOTE | |||
r-oldrel-macos-x86_64 | 0.1.0 | 65.00 | NOTE | |||
r-oldrel-windows-ix86+x86_64 | 0.1.0 | 78.00 | 161.00 | 239.00 | OK |
Version: 0.1.0
Check: dependencies in R code
Result: NOTE
Namespaces in Imports field not imported from:
‘MASS’ ‘fields’ ‘mvtnorm’
All declared Imports should be used.
Flavors: r-devel-linux-x86_64-fedora-clang, r-devel-linux-x86_64-fedora-gcc, r-release-macos-arm64, r-release-macos-x86_64, r-oldrel-macos-arm64, r-oldrel-macos-x86_64
Version: 0.1.0
Check: installed package size
Result: NOTE
installed size is 6.6Mb
sub-directories of 1Mb or more:
data 1.5Mb
libs 4.2Mb
Flavors: r-release-macos-arm64, r-release-macos-x86_64, r-oldrel-macos-arm64, r-oldrel-macos-x86_64