Last updated on 2023-01-31 07:54:18 CET.
Flavor | Version | Tinstall | Tcheck | Ttotal | Status | Flags |
---|---|---|---|---|---|---|
r-devel-linux-x86_64-debian-clang | 0.4.2 | 34.27 | 513.43 | 547.70 | OK | |
r-devel-linux-x86_64-debian-gcc | 0.4.2 | 30.22 | 377.40 | 407.62 | OK | |
r-devel-linux-x86_64-fedora-clang | 0.4.2 | 621.61 | NOTE | |||
r-devel-linux-x86_64-fedora-gcc | 0.4.2 | 664.11 | NOTE | |||
r-devel-windows-x86_64 | 0.4.2 | 52.00 | 779.00 | 831.00 | OK | |
r-patched-linux-x86_64 | 0.4.2 | 38.17 | 480.61 | 518.78 | OK | |
r-release-linux-x86_64 | 0.4.2 | 30.40 | 473.97 | 504.37 | OK | |
r-release-macos-arm64 | 0.4.2 | 160.00 | NOTE | |||
r-release-macos-x86_64 | 0.4.2 | 214.00 | NOTE | |||
r-release-windows-x86_64 | 0.4.2 | 63.00 | 846.00 | 909.00 | OK | |
r-oldrel-macos-arm64 | 0.4.2 | 160.00 | NOTE | |||
r-oldrel-macos-x86_64 | 0.4.2 | 224.00 | NOTE | |||
r-oldrel-windows-ix86+x86_64 | 0.4.2 | 68.00 | 584.00 | 652.00 | OK |
Version: 0.4.2
Check: dependencies in R code
Result: NOTE
Namespaces in Imports field not imported from:
‘glmnet’ ‘mlr3learners’ ‘rpart’
All declared Imports should be used.
Flavors: r-devel-linux-x86_64-fedora-clang, r-devel-linux-x86_64-fedora-gcc, r-release-macos-arm64, r-release-macos-x86_64, r-oldrel-macos-arm64, r-oldrel-macos-x86_64