Last updated on 2023-01-31 07:54:18 CET.
Flavor | Version | Tinstall | Tcheck | Ttotal | Status | Flags |
---|---|---|---|---|---|---|
r-devel-linux-x86_64-debian-clang | 1.1.1 | 19.16 | 600.16 | 619.32 | OK | |
r-devel-linux-x86_64-debian-gcc | 1.1.2 | 15.14 | 431.59 | 446.73 | OK | |
r-devel-linux-x86_64-fedora-clang | 1.1.2 | 712.48 | NOTE | |||
r-devel-linux-x86_64-fedora-gcc | 1.1.2 | 795.61 | NOTE | |||
r-devel-windows-x86_64 | 1.1.2 | 38.00 | 639.00 | 677.00 | OK | |
r-patched-linux-x86_64 | 1.1.2 | 19.56 | 555.91 | 575.47 | OK | |
r-release-linux-x86_64 | 1.1.2 | 17.66 | 565.17 | 582.83 | OK | |
r-release-macos-arm64 | 1.1.2 | 142.00 | OK | |||
r-release-macos-x86_64 | 1.1.2 | 273.00 | OK | |||
r-release-windows-x86_64 | 1.1.2 | 66.00 | 560.00 | 626.00 | OK | |
r-oldrel-macos-arm64 | 1.1.2 | 161.00 | OK | |||
r-oldrel-macos-x86_64 | 1.1.2 | 276.00 | OK | |||
r-oldrel-windows-ix86+x86_64 | 1.1.2 | 10.00 | 30.00 | 40.00 | ERROR |
Version: 1.1.2
Check: dependencies in R code
Result: NOTE
Namespaces in Imports field not imported from:
‘Kendall’ ‘perm’
All declared Imports should be used.
Flavors: r-devel-linux-x86_64-fedora-clang, r-devel-linux-x86_64-fedora-gcc
Version: 1.1.2
Check: data for non-ASCII characters
Result: NOTE
Note: found 63 marked UTF-8 strings
Flavors: r-devel-linux-x86_64-fedora-clang, r-devel-linux-x86_64-fedora-gcc
Version: 1.1.2
Check: whether package can be installed
Result: ERROR
Installation failed.
Flavor: r-oldrel-windows-ix86+x86_64