Last updated on 2023-09-21 07:54:59 CEST.
Flavor | Version | Tinstall | Tcheck | Ttotal | Status | Flags |
---|---|---|---|---|---|---|
r-devel-linux-x86_64-debian-clang | 0.1.0 | 16.28 | 186.32 | 202.60 | OK | |
r-devel-linux-x86_64-debian-gcc | 0.1.0 | 13.28 | 136.11 | 149.39 | OK | |
r-devel-linux-x86_64-fedora-clang | 0.1.0 | 271.55 | NOTE | |||
r-devel-linux-x86_64-fedora-gcc | 0.1.0 | 258.66 | OK | |||
r-devel-windows-x86_64 | 0.1.0 | 17.00 | 135.00 | 152.00 | OK | |
r-patched-linux-x86_64 | 0.1.0 | 15.42 | 173.89 | 189.31 | OK | |
r-release-linux-x86_64 | 0.1.0 | 18.25 | 174.95 | 193.20 | OK | |
r-release-macos-arm64 | 0.1.0 | 71.00 | OK | |||
r-release-macos-x86_64 | 0.1.0 | 120.00 | OK | |||
r-release-windows-x86_64 | 0.1.0 | 20.00 | 163.00 | 183.00 | OK | |
r-oldrel-macos-arm64 | 0.1.0 | 45.00 | OK | |||
r-oldrel-macos-x86_64 | 0.1.0 | 93.00 | OK | |||
r-oldrel-windows-x86_64 | 0.1.0 | 19.00 | 168.00 | 187.00 | OK |
Version: 0.1.0
Check: package dependencies
Result: NOTE
Imports includes 21 non-default packages.
Importing from so many packages makes the package vulnerable to any of
them becoming unavailable. Move as many as possible to Suggests and
use conditionally.
Flavor: r-devel-linux-x86_64-fedora-clang