Last updated on 2023-01-27 07:50:38 CET.
Flavor | Version | Tinstall | Tcheck | Ttotal | Status | Flags |
---|---|---|---|---|---|---|
r-devel-linux-x86_64-debian-clang | 0.1.0 | 17.16 | 178.17 | 195.33 | NOTE | |
r-devel-linux-x86_64-debian-gcc | 0.1.0 | 14.03 | 132.94 | 146.97 | NOTE | |
r-devel-linux-x86_64-fedora-clang | 0.1.0 | 253.30 | NOTE | |||
r-devel-linux-x86_64-fedora-gcc | 0.1.0 | 249.67 | NOTE | |||
r-devel-windows-x86_64 | 0.1.0 | 22.00 | 200.00 | 222.00 | NOTE | |
r-patched-linux-x86_64 | 0.1.0 | 17.66 | 166.63 | 184.29 | NOTE | |
r-release-linux-x86_64 | 0.1.0 | 15.01 | 171.56 | 186.57 | NOTE | |
r-release-macos-arm64 | 0.1.0 | 64.00 | NOTE | |||
r-release-macos-x86_64 | 0.1.0 | 85.00 | NOTE | |||
r-release-windows-x86_64 | 0.1.0 | 53.00 | 201.00 | 254.00 | NOTE | |
r-oldrel-macos-arm64 | 0.1.0 | 54.00 | NOTE | |||
r-oldrel-macos-x86_64 | 0.1.0 | 82.00 | NOTE | |||
r-oldrel-windows-ix86+x86_64 | 0.1.0 | 35.00 | 202.00 | 237.00 | NOTE |
Version: 0.1.0
Check: package dependencies
Result: NOTE
Package suggested but not available for checking: ‘rrelaxiv’
Flavors: r-devel-linux-x86_64-debian-clang, r-devel-linux-x86_64-debian-gcc, r-devel-linux-x86_64-fedora-clang, r-devel-linux-x86_64-fedora-gcc, r-devel-windows-x86_64, r-patched-linux-x86_64, r-release-linux-x86_64, r-release-macos-arm64, r-release-macos-x86_64, r-release-windows-x86_64, r-oldrel-macos-arm64, r-oldrel-macos-x86_64, r-oldrel-windows-ix86+x86_64
Version: 0.1.0
Check: dependencies in R code
Result: NOTE
Namespaces in Imports field not imported from:
‘RCurl’ ‘fields’ ‘optmatch’ ‘rcbalance’ ‘utils’
All declared Imports should be used.
Flavors: r-devel-linux-x86_64-fedora-clang, r-devel-linux-x86_64-fedora-gcc, r-release-macos-arm64, r-release-macos-x86_64, r-oldrel-macos-arm64, r-oldrel-macos-x86_64