CRAN Package Check Results for Package MullerPlot

Last updated on 2023-01-27 07:50:38 CET.

Flavor Version Tinstall Tcheck Ttotal Status Flags
r-devel-linux-x86_64-debian-clang 0.1.3 2.47 30.74 33.21 NOTE
r-devel-linux-x86_64-debian-gcc 0.1.3 2.18 23.00 25.18 NOTE
r-devel-linux-x86_64-fedora-clang 0.1.3 45.12 NOTE
r-devel-linux-x86_64-fedora-gcc 0.1.3 55.58 NOTE
r-devel-windows-x86_64 0.1.3 20.00 57.00 77.00 NOTE
r-patched-linux-x86_64 0.1.3 2.87 30.13 33.00 OK
r-release-linux-x86_64 0.1.3 2.83 30.36 33.19 OK
r-release-macos-arm64 0.1.3 20.00 OK
r-release-macos-x86_64 0.1.3 37.00 OK
r-release-windows-x86_64 0.1.3 17.00 64.00 81.00 OK
r-oldrel-macos-arm64 0.1.3 22.00 OK
r-oldrel-macos-x86_64 0.1.3 33.00 OK
r-oldrel-windows-ix86+x86_64 0.1.3 7.00 64.00 71.00 OK

Check Details

Version: 0.1.3
Check: package subdirectories
Result: NOTE
    Problems with news in ‘NEWS.md’:
    No news entries found.
Flavors: r-devel-linux-x86_64-debian-clang, r-devel-linux-x86_64-debian-gcc, r-devel-linux-x86_64-fedora-clang, r-devel-linux-x86_64-fedora-gcc, r-devel-windows-x86_64