CRAN Package Check Results for Package MixTwice

Last updated on 2023-03-25 07:02:25 CET.

Flavor Version Tinstall Tcheck Ttotal Status Flags
r-devel-linux-x86_64-debian-clang 2.0 2.71 27.57 30.28 OK
r-devel-linux-x86_64-debian-gcc 2.0 2.08 21.32 23.40 OK
r-devel-linux-x86_64-fedora-clang 2.0 39.58 NOTE
r-devel-linux-x86_64-fedora-gcc 2.0 37.40 NOTE
r-devel-windows-x86_64 2.0 13.00 64.00 77.00 OK
r-patched-linux-x86_64 2.0 2.67 28.98 31.65 OK
r-release-linux-x86_64 2.0 2.11 28.18 30.29 OK
r-release-macos-arm64 2.0 19.00 NOTE
r-release-macos-x86_64 2.0 25.00 NOTE
r-release-windows-x86_64 2.0 8.00 64.00 72.00 OK
r-oldrel-macos-arm64 2.0 19.00 NOTE
r-oldrel-macos-x86_64 2.0 23.00 NOTE
r-oldrel-windows-ix86+x86_64 2.0 6.00 81.00 87.00 OK

Check Details

Version: 2.0
Check: dependencies in R code
Result: NOTE
    Namespaces in Imports field not imported from:
     ‘ashr’ ‘fdrtool’
     All declared Imports should be used.
Flavors: r-devel-linux-x86_64-fedora-clang, r-devel-linux-x86_64-fedora-gcc, r-release-macos-arm64, r-release-macos-x86_64, r-oldrel-macos-arm64, r-oldrel-macos-x86_64