Last updated on 2023-02-02 06:54:58 CET.
Flavor | Version | Tinstall | Tcheck | Ttotal | Status | Flags |
---|---|---|---|---|---|---|
r-devel-linux-x86_64-debian-clang | 3.1.12 | 7.60 | 81.43 | 89.03 | NOTE | |
r-devel-linux-x86_64-debian-gcc | 3.1.12 | 5.89 | 60.09 | 65.98 | NOTE | |
r-devel-linux-x86_64-fedora-clang | 3.1.12 | 110.92 | NOTE | |||
r-devel-linux-x86_64-fedora-gcc | 3.1.12 | 180.73 | NOTE | |||
r-devel-windows-x86_64 | 3.1.12 | 54.00 | 133.00 | 187.00 | NOTE | |
r-patched-linux-x86_64 | 3.1.12 | 7.85 | 77.40 | 85.25 | NOTE | |
r-release-linux-x86_64 | 3.1.12 | 6.11 | 80.85 | 86.96 | NOTE | |
r-release-macos-arm64 | 3.1.12 | 51.00 | NOTE | |||
r-release-macos-x86_64 | 3.1.12 | 64.00 | NOTE | |||
r-release-windows-x86_64 | 3.1.12 | 35.00 | 147.00 | 182.00 | NOTE | |
r-oldrel-macos-arm64 | 3.1.12 | 46.00 | NOTE | |||
r-oldrel-macos-x86_64 | 3.1.12 | 111.00 | NOTE | |||
r-oldrel-windows-ix86+x86_64 | 3.1.12 | 16.00 | 118.00 | 134.00 | NOTE |
Version: 3.1.12
Check: LazyData
Result: NOTE
'LazyData' is specified without a 'data' directory
Flavors: r-devel-linux-x86_64-debian-clang, r-devel-linux-x86_64-debian-gcc, r-devel-linux-x86_64-fedora-clang, r-devel-linux-x86_64-fedora-gcc, r-devel-windows-x86_64, r-patched-linux-x86_64, r-release-linux-x86_64, r-release-macos-arm64, r-release-macos-x86_64, r-release-windows-x86_64, r-oldrel-macos-arm64, r-oldrel-macos-x86_64, r-oldrel-windows-ix86+x86_64