Last updated on 2023-06-01 07:57:05 CEST.
Flavor | Version | Tinstall | Tcheck | Ttotal | Status | Flags |
---|---|---|---|---|---|---|
r-devel-linux-x86_64-debian-clang | 3.1.12 | 8.95 | 80.64 | 89.59 | NOTE | |
r-devel-linux-x86_64-debian-gcc | 3.1.12 | 6.67 | 60.84 | 67.51 | NOTE | |
r-devel-linux-x86_64-fedora-clang | 3.1.12 | 110.98 | NOTE | |||
r-devel-linux-x86_64-fedora-gcc | 3.1.12 | 178.63 | NOTE | |||
r-devel-windows-x86_64 | 3.1.12 | 9.00 | 95.00 | 104.00 | NOTE | |
r-patched-linux-x86_64 | 3.1.12 | NOTE | ||||
r-release-linux-x86_64 | 3.1.12 | 4.89 | 77.88 | 82.77 | NOTE | |
r-release-macos-arm64 | 3.1.12 | 70.00 | NOTE | |||
r-release-macos-x86_64 | 3.1.12 | 90.00 | NOTE | |||
r-release-windows-x86_64 | 3.1.12 | 10.00 | 107.00 | 117.00 | NOTE | |
r-oldrel-macos-arm64 | 3.1.12 | 51.00 | NOTE | |||
r-oldrel-macos-x86_64 | 3.1.12 | 64.00 | NOTE | |||
r-oldrel-windows-x86_64 | 3.1.12 | 10.00 | 102.00 | 112.00 | NOTE |
Version: 3.1.12
Check: LazyData
Result: NOTE
'LazyData' is specified without a 'data' directory
Flavors: r-devel-linux-x86_64-debian-clang, r-devel-linux-x86_64-debian-gcc, r-devel-linux-x86_64-fedora-clang, r-devel-linux-x86_64-fedora-gcc, r-devel-windows-x86_64, r-patched-linux-x86_64, r-release-linux-x86_64, r-release-macos-arm64, r-release-macos-x86_64, r-release-windows-x86_64, r-oldrel-macos-arm64, r-oldrel-macos-x86_64, r-oldrel-windows-x86_64