Last updated on 2023-02-01 06:56:18 CET.
Flavor | Version | Tinstall | Tcheck | Ttotal | Status | Flags |
---|---|---|---|---|---|---|
r-devel-linux-x86_64-debian-clang | 0.1.0 | 4.47 | 386.39 | 390.86 | OK | |
r-devel-linux-x86_64-debian-gcc | 0.1.0 | 4.59 | 286.07 | 290.66 | OK | |
r-devel-linux-x86_64-fedora-clang | 0.1.0 | 475.55 | NOTE | |||
r-devel-linux-x86_64-fedora-gcc | 0.1.0 | 493.89 | NOTE | |||
r-devel-windows-x86_64 | 0.1.0 | 25.00 | 393.00 | 418.00 | OK | |
r-patched-linux-x86_64 | 0.1.0 | 7.11 | 365.21 | 372.32 | OK | |
r-release-linux-x86_64 | 0.1.0 | 4.22 | 372.77 | 376.99 | OK | |
r-release-macos-arm64 | 0.1.0 | 138.00 | NOTE | |||
r-release-macos-x86_64 | 0.1.0 | 376.00 | NOTE | |||
r-release-windows-x86_64 | 0.1.0 | 38.00 | 396.00 | 434.00 | OK | |
r-oldrel-macos-arm64 | 0.1.0 | 142.00 | NOTE | |||
r-oldrel-macos-x86_64 | 0.1.0 | 252.00 | NOTE | |||
r-oldrel-windows-ix86+x86_64 | 0.1.0 | 13.00 | 372.00 | 385.00 | OK |
Version: 0.1.0
Check: package dependencies
Result: NOTE
Packages suggested but not available for checking:
'karyoploteR', 'regioneR'
Flavors: r-devel-linux-x86_64-fedora-clang, r-devel-linux-x86_64-fedora-gcc, r-release-macos-arm64, r-oldrel-macos-arm64
Version: 0.1.0
Check: package dependencies
Result: NOTE
Package suggested but not available for checking: ‘karyoploteR’
Flavors: r-release-macos-x86_64, r-oldrel-macos-x86_64