CRAN Package Check Results for Package MinEDfind

Last updated on 2023-02-03 06:50:24 CET.

Flavor Version Tinstall Tcheck Ttotal Status Flags
r-devel-linux-x86_64-debian-clang 0.1.3 5.52 54.02 59.54 NOTE
r-devel-linux-x86_64-debian-gcc 0.1.3 4.86 40.18 45.04 NOTE
r-devel-linux-x86_64-fedora-clang 0.1.3 80.17 NOTE
r-devel-linux-x86_64-fedora-gcc 0.1.3 86.74 NOTE
r-patched-linux-x86_64 0.1.3 5.35 51.57 56.92 NOTE
r-release-linux-x86_64 0.1.3 6.50 52.44 58.94 NOTE
r-release-macos-arm64 0.1.3 24.00 NOTE
r-release-macos-x86_64 0.1.3 47.00 NOTE
r-release-windows-x86_64 0.1.3 14.00 93.00 107.00 NOTE
r-oldrel-macos-arm64 0.1.3 32.00 NOTE
r-oldrel-macos-x86_64 0.1.3 42.00 NOTE
r-oldrel-windows-ix86+x86_64 0.1.3 14.00 94.00 108.00 NOTE

Check Details

Version: 0.1.3
Check: LazyData
Result: NOTE
     'LazyData' is specified without a 'data' directory
Flavors: r-devel-linux-x86_64-debian-clang, r-devel-linux-x86_64-debian-gcc, r-devel-linux-x86_64-fedora-clang, r-devel-linux-x86_64-fedora-gcc, r-patched-linux-x86_64, r-release-linux-x86_64, r-release-macos-arm64, r-release-macos-x86_64, r-release-windows-x86_64, r-oldrel-macos-arm64, r-oldrel-macos-x86_64, r-oldrel-windows-ix86+x86_64