Last updated on 2023-02-02 06:54:58 CET.
Flavor | Version | Tinstall | Tcheck | Ttotal | Status | Flags |
---|---|---|---|---|---|---|
r-devel-linux-x86_64-debian-clang | 2.3.4 | 19.72 | 48.80 | 68.52 | OK | |
r-devel-linux-x86_64-debian-gcc | 2.3.4 | 13.85 | 37.99 | 51.84 | OK | |
r-devel-linux-x86_64-fedora-clang | 2.3.4 | 87.60 | NOTE | |||
r-devel-linux-x86_64-fedora-gcc | 2.3.4 | 103.09 | NOTE | |||
r-devel-windows-x86_64 | 2.3.4 | 51.00 | 104.00 | 155.00 | OK | |
r-patched-linux-x86_64 | 2.3.4 | 22.33 | 45.85 | 68.18 | OK | |
r-release-linux-x86_64 | 2.3.4 | 18.09 | 42.66 | 60.75 | OK | |
r-release-macos-arm64 | 2.3.4 | 29.00 | NOTE | |||
r-release-macos-x86_64 | 2.3.4 | 50.00 | NOTE | |||
r-release-windows-x86_64 | 2.3.4 | 68.00 | 92.00 | 160.00 | OK | |
r-oldrel-macos-arm64 | 2.3.4 | 30.00 | NOTE | |||
r-oldrel-macos-x86_64 | 2.3.4 | 42.00 | NOTE | |||
r-oldrel-windows-ix86+x86_64 | 2.3.4 | 30.00 | 90.00 | 120.00 | OK |
Version: 2.3.4
Check: dependencies in R code
Result: NOTE
Namespaces in Imports field not imported from:
‘R6’ ‘curl’ ‘jsonlite’ ‘vctrs’
All declared Imports should be used.
Flavors: r-devel-linux-x86_64-fedora-clang, r-devel-linux-x86_64-fedora-gcc, r-release-macos-arm64, r-release-macos-x86_64, r-oldrel-macos-arm64, r-oldrel-macos-x86_64