Last updated on 2023-02-02 06:54:57 CET.
Flavor | Version | Tinstall | Tcheck | Ttotal | Status | Flags |
---|---|---|---|---|---|---|
r-devel-linux-x86_64-debian-clang | 0.2.0 | 39.47 | 347.85 | 387.32 | OK | |
r-devel-linux-x86_64-debian-gcc | 0.2.0 | 28.22 | 252.12 | 280.34 | OK | |
r-devel-linux-x86_64-fedora-clang | 0.2.0 | 461.41 | NOTE | |||
r-devel-linux-x86_64-fedora-gcc | 0.2.0 | 457.68 | NOTE | |||
r-devel-windows-x86_64 | 0.2.0 | 63.00 | 351.00 | 414.00 | OK | |
r-patched-linux-x86_64 | 0.2.0 | 30.52 | 334.34 | 364.86 | OK | |
r-release-linux-x86_64 | 0.2.0 | 34.06 | 333.79 | 367.85 | OK | |
r-release-macos-arm64 | 0.2.0 | 142.00 | NOTE | |||
r-release-macos-x86_64 | 0.2.0 | 163.00 | NOTE | |||
r-release-windows-x86_64 | 0.2.0 | 88.00 | 361.00 | 449.00 | OK | |
r-oldrel-macos-arm64 | 0.2.0 | 131.00 | NOTE | |||
r-oldrel-macos-x86_64 | 0.2.0 | 160.00 | NOTE | |||
r-oldrel-windows-ix86+x86_64 | 0.2.0 | 82.00 | 351.00 | 433.00 | OK |
Version: 0.2.0
Check: data for non-ASCII characters
Result: NOTE
Note: found 18 marked UTF-8 strings
Flavors: r-devel-linux-x86_64-fedora-clang, r-devel-linux-x86_64-fedora-gcc, r-release-macos-arm64, r-release-macos-x86_64, r-oldrel-macos-arm64, r-oldrel-macos-x86_64