Last updated on 2023-02-05 07:57:27 CET.
Flavor | Version | Tinstall | Tcheck | Ttotal | Status | Flags |
---|---|---|---|---|---|---|
r-devel-linux-x86_64-debian-clang | 0.1.1 | 2.64 | 39.85 | 42.49 | NOTE | |
r-devel-linux-x86_64-debian-gcc | 0.1.1 | 2.15 | 29.79 | 31.94 | NOTE | |
r-devel-linux-x86_64-fedora-clang | 0.1.1 | 51.25 | NOTE | |||
r-devel-linux-x86_64-fedora-gcc | 0.1.1 | 50.23 | NOTE | |||
r-devel-windows-x86_64 | 0.1.1 | 12.00 | 73.00 | 85.00 | NOTE | |
r-patched-linux-x86_64 | 0.1.1 | 4.41 | 37.08 | 41.49 | NOTE | |
r-release-linux-x86_64 | 0.1.1 | 2.69 | 37.88 | 40.57 | NOTE | |
r-release-macos-arm64 | 0.1.1 | 22.00 | NOTE | |||
r-release-macos-x86_64 | 0.1.1 | 29.00 | NOTE | |||
r-release-windows-x86_64 | 0.1.1 | 18.00 | 67.00 | 85.00 | NOTE | |
r-oldrel-macos-arm64 | 0.1.1 | 27.00 | NOTE | |||
r-oldrel-macos-x86_64 | 0.1.1 | 40.00 | NOTE | |||
r-oldrel-windows-ix86+x86_64 | 0.1.1 | 8.00 | 65.00 | 73.00 | NOTE |
Version: 0.1.1
Check: LazyData
Result: NOTE
'LazyData' is specified without a 'data' directory
Flavors: r-devel-linux-x86_64-debian-clang, r-devel-linux-x86_64-debian-gcc, r-devel-linux-x86_64-fedora-clang, r-devel-linux-x86_64-fedora-gcc, r-devel-windows-x86_64, r-patched-linux-x86_64, r-release-linux-x86_64, r-release-macos-arm64, r-release-macos-x86_64, r-release-windows-x86_64, r-oldrel-macos-arm64, r-oldrel-macos-x86_64, r-oldrel-windows-ix86+x86_64