CRAN Package Check Results for Package MatrixLDA

Last updated on 2023-01-27 07:50:37 CET.

Flavor Version Tinstall Tcheck Ttotal Status Flags
r-devel-linux-x86_64-debian-clang 0.2 29.95 49.29 79.24 NOTE
r-devel-linux-x86_64-debian-gcc 0.2 27.25 38.59 65.84 NOTE
r-devel-linux-x86_64-fedora-clang 0.2 121.10 NOTE
r-devel-linux-x86_64-fedora-gcc 0.2 109.51 NOTE
r-devel-windows-x86_64 0.2 44.00 94.00 138.00 NOTE
r-patched-linux-x86_64 0.2 24.51 47.55 72.06 NOTE
r-release-linux-x86_64 0.2 27.12 48.50 75.62 NOTE
r-release-macos-arm64 0.2 36.00 NOTE
r-release-macos-x86_64 0.2 43.00 NOTE
r-release-windows-x86_64 0.2 45.00 95.00 140.00 NOTE
r-oldrel-macos-arm64 0.2 38.00 NOTE
r-oldrel-macos-x86_64 0.2 59.00 NOTE
r-oldrel-windows-ix86+x86_64 0.2 86.00 111.00 197.00 NOTE

Check Details

Version: 0.2
Check: LazyData
Result: NOTE
     'LazyData' is specified without a 'data' directory
Flavors: r-devel-linux-x86_64-debian-clang, r-devel-linux-x86_64-debian-gcc, r-devel-linux-x86_64-fedora-clang, r-devel-linux-x86_64-fedora-gcc, r-devel-windows-x86_64, r-patched-linux-x86_64, r-release-linux-x86_64, r-release-macos-arm64, r-release-macos-x86_64, r-release-windows-x86_64, r-oldrel-macos-arm64, r-oldrel-macos-x86_64, r-oldrel-windows-ix86+x86_64