CRAN Package Check Results for Package Matrix

Last updated on 2022-12-06 06:49:59 CET.

Flavor Version Tinstall Tcheck Ttotal Status Flags
r-devel-linux-x86_64-debian-clang 1.5-3 221.87 414.85 636.72 OK
r-devel-linux-x86_64-debian-gcc 1.5-3 184.63 308.18 492.81 WARN
r-devel-linux-x86_64-fedora-clang 1.5-3 831.04 WARN
r-devel-linux-x86_64-fedora-gcc 1.5-3 833.58 WARN
r-devel-windows-x86_64 1.5-3 462.00 591.00 1053.00 OK
r-patched-linux-x86_64 1.5-3 194.27 384.84 579.11 OK
r-release-linux-x86_64 1.5-3 202.65 384.22 586.87 OK
r-release-macos-arm64 1.5-3 235.00 OK
r-release-macos-x86_64 1.5-3 294.00 OK
r-release-windows-x86_64 1.5-3 397.00 570.00 967.00 OK
r-oldrel-macos-arm64 1.5-3 190.00 ERROR
r-oldrel-macos-x86_64 1.5-3 260.00 ERROR
r-oldrel-windows-ix86+x86_64 1.5-3 456.00 675.00 1131.00 WARN

Check Details

Version: 1.5-3
Check: compiled code
Result: WARN
    File ‘Matrix/libs/Matrix.so’:
     Found ‘__sprintf_chk’, possibly from ‘sprintf’ (C)
     Object: ‘validity.o’
    
    Compiled code should not call entry points which might terminate R nor
    write to stdout/stderr instead of to the console, nor use Fortran I/O
    nor system RNGs nor [v]sprintf.
    
    See ‘Writing portable packages’ in the ‘Writing R Extensions’ manual.
Flavors: r-devel-linux-x86_64-debian-gcc, r-devel-linux-x86_64-fedora-gcc

Version: 1.5-3
Check: compiled code
Result: WARN
    File ‘Matrix/libs/Matrix.so’:
     Found ‘sprintf’, possibly from ‘sprintf’ (C)
     Object: ‘validity.o’
    
    Compiled code should not call entry points which might terminate R nor
    write to stdout/stderr instead of to the console, nor use Fortran I/O
    nor system RNGs nor [v]sprintf.
    
    See ‘Writing portable packages’ in the ‘Writing R Extensions’ manual.
Flavor: r-devel-linux-x86_64-fedora-clang

Version: 1.5-3
Check: tests
Result: ERROR
     Running ‘Class+Meth.R’ [1s/1s]
    Running the tests in ‘tests/Class+Meth.R’ failed.
    Last 13 lines of output:
     > # further checkMatrix(), etc
     > if(interactive()) options(error = recover)
     > options(warn=1)# show as they happen
     > cat("doExtras:",doExtras,"\n")
     doExtras: FALSE
     >
     > no.Mcl <- function(cl) ## TRUE if MatrixClass() returns empty, i.e., have "no Matrix-pkg class"
     + identical(Matrix:::MatrixClass(cl), character(0))
     >
     > setClass("myDGC", contains = "dgCMatrix")
     > M <- new("myDGC", as(Matrix(c(-2:4, rep(0,9)), 4), "CsparseMatrix"))
     Error in if (...length() && any(...names() == "Dimnames")) .Object@Dimnames <- fixupDN(.Object@Dimnames) :
     missing value where TRUE/FALSE needed
     Calls: new -> initialize -> initialize
     Execution halted
Flavors: r-oldrel-macos-arm64, r-oldrel-macos-x86_64

Version: 1.5-3
Check: whether package can be installed
Result: WARN
    Found the following significant warnings:
     validity.c:100:18: warning: too many arguments for format [-Wformat-extra-args]
Flavor: r-oldrel-windows-ix86+x86_64