Last updated on 2023-02-04 08:01:20 CET.
Flavor | Version | Tinstall | Tcheck | Ttotal | Status | Flags |
---|---|---|---|---|---|---|
r-devel-linux-x86_64-debian-clang | 4.5.0 | 92.93 | 214.93 | 307.86 | NOTE | |
r-devel-linux-x86_64-debian-gcc | 4.5.0 | 68.84 | 158.81 | 227.65 | NOTE | |
r-devel-linux-x86_64-fedora-clang | 4.5.0 | 396.63 | NOTE | |||
r-devel-linux-x86_64-fedora-gcc | 4.5.0 | 393.08 | NOTE | |||
r-devel-windows-x86_64 | 4.5.0 | 105.00 | 300.00 | 405.00 | NOTE | |
r-patched-linux-x86_64 | 4.5.0 | 83.04 | 192.45 | 275.49 | NOTE | |
r-release-linux-x86_64 | 4.5.0 | 81.20 | 192.56 | 273.76 | NOTE | |
r-release-macos-arm64 | 4.5.0 | 114.00 | NOTE | |||
r-release-macos-x86_64 | 4.5.0 | 129.00 | NOTE | |||
r-release-windows-x86_64 | 4.5.0 | 101.00 | 263.00 | 364.00 | NOTE | |
r-oldrel-macos-arm64 | 4.5.0 | 112.00 | NOTE | |||
r-oldrel-macos-x86_64 | 4.5.0 | 136.00 | NOTE | |||
r-oldrel-windows-ix86+x86_64 | 4.5.0 | 180.00 | 309.00 | 489.00 | NOTE |
Version: 4.5.0
Check: package dependencies
Result: NOTE
Package suggested but not available for checking: ‘gurobi’
Flavors: r-devel-linux-x86_64-debian-clang, r-devel-linux-x86_64-debian-gcc, r-devel-linux-x86_64-fedora-clang, r-devel-linux-x86_64-fedora-gcc, r-devel-windows-x86_64, r-patched-linux-x86_64, r-release-linux-x86_64, r-release-macos-x86_64, r-release-windows-x86_64, r-oldrel-macos-arm64, r-oldrel-macos-x86_64, r-oldrel-windows-ix86+x86_64
Version: 4.5.0
Check: C++ specification
Result: NOTE
Specified C++11: please update to current default of C++17
Flavors: r-devel-linux-x86_64-debian-clang, r-devel-linux-x86_64-debian-gcc, r-devel-linux-x86_64-fedora-clang, r-devel-linux-x86_64-fedora-gcc, r-devel-windows-x86_64
Version: 4.5.0
Check: package dependencies
Result: NOTE
Packages suggested but not available for checking: 'dbarts', 'gurobi'
Flavor: r-release-macos-arm64
Version: 4.5.0
Check: installed package size
Result: NOTE
installed size is 5.2Mb
sub-directories of 1Mb or more:
doc 1.4Mb
libs 2.6Mb
Flavors: r-release-macos-arm64, r-release-macos-x86_64, r-oldrel-macos-arm64, r-oldrel-macos-x86_64
Version: 4.5.0
Check: Rd cross-references
Result: NOTE
Package unavailable to check Rd xrefs: ‘dbarts’
Flavor: r-release-macos-arm64