CRAN Package Check Results for Package MaOEA

Last updated on 2023-02-08 06:56:30 CET.

Flavor Version Tinstall Tcheck Ttotal Status Flags
r-devel-linux-x86_64-debian-clang 0.6.2 15.42 91.13 106.55 NOTE
r-devel-linux-x86_64-debian-gcc 0.6.2 10.04 68.66 78.70 NOTE
r-devel-linux-x86_64-fedora-clang 0.6.2 126.72 NOTE
r-devel-linux-x86_64-fedora-gcc 0.6.2 124.69 NOTE
r-devel-windows-x86_64 0.6.2 25.00 124.00 149.00 NOTE
r-patched-linux-x86_64 0.6.2 12.73 88.62 101.35 NOTE
r-release-linux-x86_64 0.6.2 12.18 89.75 101.93 NOTE
r-release-macos-arm64 0.6.2 36.00 NOTE
r-release-macos-x86_64 0.6.2 50.00 NOTE
r-release-windows-x86_64 0.6.2 39.00 128.00 167.00 NOTE
r-oldrel-macos-arm64 0.6.2 42.00 NOTE
r-oldrel-macos-x86_64 0.6.2 67.00 NOTE
r-oldrel-windows-ix86+x86_64 0.6.2 25.00 122.00 147.00 NOTE

Check Details

Version: 0.6.2
Check: LazyData
Result: NOTE
     'LazyData' is specified without a 'data' directory
Flavors: r-devel-linux-x86_64-debian-clang, r-devel-linux-x86_64-debian-gcc, r-devel-linux-x86_64-fedora-clang, r-devel-linux-x86_64-fedora-gcc, r-devel-windows-x86_64, r-patched-linux-x86_64, r-release-linux-x86_64, r-release-macos-arm64, r-release-macos-x86_64, r-release-windows-x86_64, r-oldrel-macos-arm64, r-oldrel-macos-x86_64, r-oldrel-windows-ix86+x86_64