CRAN Package Check Results for Package MVNtestchar

Last updated on 2023-02-04 08:01:22 CET.

Flavor Version Tinstall Tcheck Ttotal Status Flags
r-devel-linux-x86_64-debian-clang 1.1.3 2.73 37.95 40.68 OK
r-devel-linux-x86_64-debian-gcc 1.1.3 2.20 29.08 31.28 OK
r-devel-linux-x86_64-fedora-clang 1.1.3 50.96 NOTE
r-devel-linux-x86_64-fedora-gcc 1.1.3 63.89 NOTE
r-devel-windows-x86_64 1.1.3 21.00 71.00 92.00 OK
r-patched-linux-x86_64 1.1.3 3.22 37.51 40.73 OK
r-release-linux-x86_64 1.1.3 2.32 37.63 39.95 OK
r-release-macos-arm64 1.1.3 22.00 NOTE
r-release-macos-x86_64 1.1.3 37.00 NOTE
r-release-windows-x86_64 1.1.3 19.00 74.00 93.00 OK
r-oldrel-macos-arm64 1.1.3 22.00 NOTE
r-oldrel-macos-x86_64 1.1.3 38.00 NOTE
r-oldrel-windows-ix86+x86_64 1.1.3 8.00 66.00 74.00 OK

Check Details

Version: 1.1.3
Check: dependencies in R code
Result: NOTE
    Namespaces in Imports field not imported from:
     ‘ggplot2’ ‘grDevices’ ‘knitr’ ‘utils’
     All declared Imports should be used.
Flavors: r-devel-linux-x86_64-fedora-clang, r-devel-linux-x86_64-fedora-gcc, r-release-macos-arm64, r-release-macos-x86_64, r-oldrel-macos-arm64, r-oldrel-macos-x86_64