Last updated on 2023-02-08 06:56:31 CET.
Flavor | Version | Tinstall | Tcheck | Ttotal | Status | Flags |
---|---|---|---|---|---|---|
r-devel-linux-x86_64-debian-clang | 2.51 | 401.61 | 408.82 | 810.43 | OK | |
r-devel-linux-x86_64-debian-gcc | 2.51 | 351.34 | 301.91 | 653.25 | OK | |
r-devel-linux-x86_64-fedora-clang | 2.51 | 1069.36 | NOTE | |||
r-devel-linux-x86_64-fedora-gcc | 2.51 | 1092.70 | OK | |||
r-devel-windows-x86_64 | 2.51 | 315.00 | 492.00 | 807.00 | NOTE | |
r-patched-linux-x86_64 | 2.51 | 355.11 | 399.40 | 754.51 | OK | |
r-release-linux-x86_64 | 2.51 | 353.45 | 395.23 | 748.68 | OK | |
r-release-macos-arm64 | 2.51 | 261.00 | NOTE | |||
r-release-macos-x86_64 | 2.51 | 310.00 | NOTE | |||
r-release-windows-x86_64 | 2.51 | 328.00 | 506.00 | 834.00 | NOTE | |
r-oldrel-macos-arm64 | 2.51 | 256.00 | NOTE | |||
r-oldrel-macos-x86_64 | 2.51 | 290.00 | NOTE | |||
r-oldrel-windows-ix86+x86_64 | 2.51 | 920.00 | 662.00 | 1582.00 | NOTE |
Version: 2.51
Check: installed package size
Result: NOTE
installed size is 6.9Mb
sub-directories of 1Mb or more:
libs 6.5Mb
Flavors: r-devel-linux-x86_64-fedora-clang, r-devel-windows-x86_64, r-release-macos-arm64, r-release-macos-x86_64, r-release-windows-x86_64, r-oldrel-macos-arm64, r-oldrel-macos-x86_64, r-oldrel-windows-ix86+x86_64