Last updated on 2023-12-06 07:50:21 CET.
Flavor | Version | Tinstall | Tcheck | Ttotal | Status | Flags |
---|---|---|---|---|---|---|
r-devel-linux-x86_64-debian-clang | 2.51 | 383.68 | 432.73 | 816.41 | OK | |
r-devel-linux-x86_64-debian-gcc | 2.51 | 326.54 | 321.24 | 647.78 | OK | |
r-devel-linux-x86_64-fedora-clang | 2.51 | 1117.93 | NOTE | |||
r-devel-linux-x86_64-fedora-gcc | 2.51 | 1301.56 | OK | |||
r-devel-windows-x86_64 | 2.51 | 314.00 | 343.00 | 657.00 | NOTE | |
r-patched-linux-x86_64 | 2.51 | 351.00 | 414.83 | 765.83 | OK | |
r-release-linux-x86_64 | 2.51 | 373.22 | 413.43 | 786.65 | OK | |
r-release-macos-arm64 | 2.51 | 255.00 | NOTE | |||
r-release-macos-x86_64 | 2.51 | 473.00 | NOTE | |||
r-release-windows-x86_64 | 2.51 | 406.00 | 462.00 | 868.00 | NOTE | |
r-oldrel-macos-arm64 | 2.51 | 261.00 | NOTE | |||
r-oldrel-macos-x86_64 | 2.51 | 310.00 | NOTE | |||
r-oldrel-windows-x86_64 | 2.51 | 385.00 | 429.00 | 814.00 | NOTE |
Version: 2.51
Check: installed package size
Result: NOTE
installed size is 6.9Mb
sub-directories of 1Mb or more:
libs 6.5Mb
Flavors: r-devel-linux-x86_64-fedora-clang, r-devel-windows-x86_64, r-release-macos-arm64, r-release-macos-x86_64, r-release-windows-x86_64, r-oldrel-macos-arm64, r-oldrel-macos-x86_64, r-oldrel-windows-x86_64