Last updated on 2023-01-31 07:54:18 CET.
Flavor | Version | Tinstall | Tcheck | Ttotal | Status | Flags |
---|---|---|---|---|---|---|
r-devel-linux-x86_64-debian-clang | 0.1.1 | 10.56 | 108.82 | 119.38 | OK | |
r-devel-linux-x86_64-debian-gcc | 0.1.1 | 8.95 | 77.90 | 86.85 | OK | |
r-devel-linux-x86_64-fedora-clang | 0.1.1 | 146.72 | NOTE | |||
r-devel-linux-x86_64-fedora-gcc | 0.1.1 | 170.20 | NOTE | |||
r-devel-windows-x86_64 | 0.1.1 | 50.00 | 144.00 | 194.00 | OK | |
r-patched-linux-x86_64 | 0.1.1 | 10.41 | 101.18 | 111.59 | OK | |
r-release-linux-x86_64 | 0.1.1 | 8.43 | 102.12 | 110.55 | OK | |
r-release-macos-arm64 | 0.1.1 | 45.00 | NOTE | |||
r-release-macos-x86_64 | 0.1.1 | 68.00 | NOTE | |||
r-release-windows-x86_64 | 0.1.1 | 61.00 | 138.00 | 199.00 | OK | |
r-oldrel-macos-arm64 | 0.1.1 | 39.00 | NOTE | |||
r-oldrel-macos-x86_64 | 0.1.1 | 56.00 | NOTE | |||
r-oldrel-windows-ix86+x86_64 | 0.1.1 | 24.00 | 124.00 | 148.00 | OK |
Version: 0.1.1
Check: dependencies in R code
Result: NOTE
Namespace in Imports field not imported from: ‘dplyr’
All declared Imports should be used.
Flavors: r-devel-linux-x86_64-fedora-clang, r-devel-linux-x86_64-fedora-gcc, r-release-macos-arm64, r-release-macos-x86_64, r-oldrel-macos-arm64, r-oldrel-macos-x86_64