Last updated on 2023-01-28 07:15:00 CET.
Flavor | Version | Tinstall | Tcheck | Ttotal | Status | Flags |
---|---|---|---|---|---|---|
r-devel-linux-x86_64-debian-clang | 1.0.0 | 2.78 | 29.83 | 32.61 | NOTE | |
r-devel-linux-x86_64-debian-gcc | 1.0.0 | 2.17 | 24.14 | 26.31 | NOTE | |
r-devel-linux-x86_64-fedora-clang | 1.0.0 | 44.38 | NOTE | |||
r-devel-linux-x86_64-fedora-gcc | 1.0.0 | 55.21 | NOTE | |||
r-devel-windows-x86_64 | 1.0.0 | 9.00 | 58.00 | 67.00 | NOTE | |
r-patched-linux-x86_64 | 1.0.0 | 2.86 | 31.03 | 33.89 | OK | |
r-release-linux-x86_64 | 1.0.0 | 2.70 | 31.29 | 33.99 | OK | |
r-release-macos-arm64 | 1.0.0 | 21.00 | OK | |||
r-release-macos-x86_64 | 1.0.0 | 31.00 | OK | |||
r-release-windows-x86_64 | 1.0.0 | 12.00 | 61.00 | 73.00 | OK | |
r-oldrel-macos-arm64 | 1.0.0 | 25.00 | OK | |||
r-oldrel-macos-x86_64 | 1.0.0 | 33.00 | OK | |||
r-oldrel-windows-ix86+x86_64 | 1.0.0 | 8.00 | 56.00 | 64.00 | OK |
Version: 1.0.0
Check: Rd files
Result: NOTE
checkRd: (-1) genotype_data.Rd:7: Escaped LaTeX specials: \_
checkRd: (-1) genotype_data.Rd:18: Escaped LaTeX specials: \_
checkRd: (-1) phenotype_data.Rd:15: Escaped LaTeX specials: \_
Flavors: r-devel-linux-x86_64-debian-clang, r-devel-linux-x86_64-debian-gcc, r-devel-linux-x86_64-fedora-clang, r-devel-linux-x86_64-fedora-gcc, r-devel-windows-x86_64