Last updated on 2023-06-01 07:57:06 CEST.
Flavor | Version | Tinstall | Tcheck | Ttotal | Status | Flags |
---|---|---|---|---|---|---|
r-devel-linux-x86_64-debian-clang | 0.1-5 | 24.77 | 41.66 | 66.43 | NOTE | |
r-devel-linux-x86_64-debian-gcc | 0.1-5 | 22.37 | 33.72 | 56.09 | NOTE | |
r-devel-linux-x86_64-fedora-clang | 0.1-5 | 94.89 | NOTE | |||
r-devel-linux-x86_64-fedora-gcc | 0.1-5 | 111.55 | NOTE | |||
r-devel-windows-x86_64 | 0.1-5 | 20.00 | 100.00 | 120.00 | NOTE | |
r-patched-linux-x86_64 | 0.1-5 | NOTE | ||||
r-release-linux-x86_64 | 0.1-5 | 22.85 | 40.96 | 63.81 | NOTE | |
r-release-macos-arm64 | 0.1-5 | 38.00 | NOTE | |||
r-release-macos-x86_64 | 0.1-5 | 51.00 | NOTE | |||
r-release-windows-x86_64 | 0.1-5 | 22.00 | 90.00 | 112.00 | NOTE | |
r-oldrel-macos-arm64 | 0.1-5 | 36.00 | OK | |||
r-oldrel-macos-x86_64 | 0.1-5 | 42.00 | OK | |||
r-oldrel-windows-x86_64 | 0.1-5 | 27.00 | 88.00 | 115.00 | OK |
Version: 0.1-5
Check: C++ specification
Result: NOTE
Specified C++11: please drop specification unless essential
Flavors: r-devel-linux-x86_64-debian-clang, r-devel-linux-x86_64-debian-gcc, r-devel-linux-x86_64-fedora-clang, r-devel-linux-x86_64-fedora-gcc, r-devel-windows-x86_64, r-patched-linux-x86_64, r-release-linux-x86_64, r-release-macos-arm64, r-release-macos-x86_64, r-release-windows-x86_64