Last updated on 2023-01-31 07:54:18 CET.
Flavor | Version | Tinstall | Tcheck | Ttotal | Status | Flags |
---|---|---|---|---|---|---|
r-devel-linux-x86_64-debian-clang | 0.1-5 | 25.97 | 42.43 | 68.40 | OK | |
r-devel-linux-x86_64-debian-gcc | 0.1-5 | 23.25 | 33.56 | 56.81 | NOTE | |
r-devel-linux-x86_64-fedora-clang | 0.1-5 | 94.04 | NOTE | |||
r-devel-linux-x86_64-fedora-gcc | 0.1-5 | 100.69 | NOTE | |||
r-devel-windows-x86_64 | 0.1-5 | 64.00 | 102.00 | 166.00 | NOTE | |
r-patched-linux-x86_64 | 0.1-5 | 22.50 | 41.82 | 64.32 | OK | |
r-release-linux-x86_64 | 0.1-5 | 22.83 | 41.84 | 64.67 | OK | |
r-release-macos-arm64 | 0.1-5 | 32.00 | OK | |||
r-release-macos-x86_64 | 0.1-5 | 42.00 | OK | |||
r-release-windows-x86_64 | 0.1-5 | 192.00 | 111.00 | 303.00 | OK | |
r-oldrel-macos-arm64 | 0.1-5 | 35.00 | OK | |||
r-oldrel-macos-x86_64 | 0.1-5 | 44.00 | OK | |||
r-oldrel-windows-ix86+x86_64 | 0.1-5 | 66.00 | 93.00 | 159.00 | OK |
Version: 0.1-5
Check: C++ specification
Result: NOTE
Specified C++11: please update to current default of C++17
Flavors: r-devel-linux-x86_64-debian-gcc, r-devel-linux-x86_64-fedora-clang, r-devel-linux-x86_64-fedora-gcc, r-devel-windows-x86_64