CRAN Package Check Results for Package MNB

Last updated on 2024-03-02 06:52:01 CET.

Flavor Version Tinstall Tcheck Ttotal Status Flags
r-devel-linux-x86_64-debian-clang 1.1.0 10.30 120.35 130.65 NOTE
r-devel-linux-x86_64-debian-gcc 1.1.0 10.74 89.85 100.59 NOTE
r-devel-linux-x86_64-fedora-clang 1.1.0 163.47 NOTE
r-devel-linux-x86_64-fedora-gcc 1.1.0 164.53 NOTE
r-devel-windows-x86_64 1.1.0 11.00 98.00 109.00 OK
r-patched-linux-x86_64 1.1.0 12.16 116.41 128.57 OK
r-release-linux-x86_64 1.1.0 7.94 115.96 123.90 OK
r-release-macos-arm64 1.1.0 48.00 OK
r-release-macos-x86_64 1.1.0 82.00 OK
r-release-windows-x86_64 1.1.0 15.00 116.00 131.00 OK
r-oldrel-macos-arm64 1.1.0 46.00 OK
r-oldrel-windows-x86_64 1.1.0 16.00 120.00 136.00 OK

Check Details

Version: 1.1.0
Check: Rd files
Result: NOTE checkRd: (-1) rMNB.Rd:23: Lost braces; missing escapes or markup? 23 | It simulates a multivariate response variable, Y_{ij}, that is jth measurement | ^ Flavors: r-devel-linux-x86_64-debian-clang, r-devel-linux-x86_64-debian-gcc, r-devel-linux-x86_64-fedora-clang, r-devel-linux-x86_64-fedora-gcc